CRAN Package Check Results for Package stochvol

Last updated on 2022-01-25 23:50:40 CET.

Flavor Version Tinstall Tcheck Ttotal Status Flags
r-devel-linux-x86_64-debian-clang 3.2.0 127.29 158.20 285.49 OK
r-devel-linux-x86_64-debian-gcc 3.2.0 103.53 120.68 224.21 OK
r-devel-linux-x86_64-fedora-clang 3.2.0 411.35 NOTE
r-devel-linux-x86_64-fedora-gcc 3.2.0 378.99 OK
r-devel-windows-x86_64-new-UL 3.2.0 219.00 295.00 514.00 OK
r-devel-windows-x86_64-new-TK 3.2.0 OK
r-patched-linux-x86_64 3.2.0 118.51 155.22 273.73 OK
r-release-linux-x86_64 3.2.0 128.58 155.06 283.64 OK
r-release-macos-arm64 3.2.0 NOTE
r-release-macos-x86_64 3.2.0 NOTE
r-release-windows-ix86+x86_64 3.2.0 324.00 288.00 612.00 NOTE
r-oldrel-macos-x86_64 3.2.0 NOTE
r-oldrel-windows-ix86+x86_64 3.2.0 324.00 293.00 617.00 NOTE

Check Details

Version: 3.2.0
Check: installed package size
Result: NOTE
     installed size is 8.5Mb
     sub-directories of 1Mb or more:
     doc 1.9Mb
     libs 5.7Mb
Flavors: r-devel-linux-x86_64-fedora-clang, r-release-macos-arm64, r-release-macos-x86_64, r-release-windows-ix86+x86_64, r-oldrel-macos-x86_64, r-oldrel-windows-ix86+x86_64