CRAN Package Check Results for Package stickr

Last updated on 2021-09-23 23:50:22 CEST.

Flavor Version Tinstall Tcheck Ttotal Status Flags
r-devel-linux-x86_64-debian-clang 0.3.1 1.76 24.06 25.82 NOTE
r-devel-linux-x86_64-debian-gcc 0.3.1 1.72 19.22 20.94 NOTE
r-devel-linux-x86_64-fedora-clang 0.3.1 40.43 NOTE
r-devel-linux-x86_64-fedora-gcc 0.3.1 30.14 NOTE
r-devel-windows-x86_64 0.3.1 4.00 30.00 34.00 NOTE
r-devel-windows-x86_64-gcc10-UCRT 0.3.1 NOTE
r-patched-linux-x86_64 0.3.1 2.27 23.50 25.77 NOTE
r-patched-solaris-x86 0.3.1 51.70 NOTE
r-release-linux-x86_64 0.3.1 2.07 23.76 25.83 NOTE
r-release-macos-arm64 0.3.1 NOTE
r-release-macos-x86_64 0.3.1 NOTE
r-release-windows-ix86+x86_64 0.3.1 5.00 31.00 36.00 NOTE
r-oldrel-macos-x86_64 0.3.1 OK
r-oldrel-windows-ix86+x86_64 0.3.1 4.00 32.00 36.00 OK

Check Details

Version: 0.3.1
Check: LazyData
Result: NOTE
     'LazyData' is specified without a 'data' directory
Flavors: r-devel-linux-x86_64-debian-clang, r-devel-linux-x86_64-debian-gcc, r-devel-linux-x86_64-fedora-clang, r-devel-linux-x86_64-fedora-gcc, r-devel-windows-x86_64, r-devel-windows-x86_64-gcc10-UCRT, r-patched-linux-x86_64, r-patched-solaris-x86, r-release-linux-x86_64, r-release-macos-arm64, r-release-macos-x86_64, r-release-windows-ix86+x86_64