CRAN Package Check Results for Package stepp

Last updated on 2024-06-14 00:54:00 CEST.

Flavor Version Tinstall Tcheck Ttotal Status Flags
r-devel-linux-x86_64-debian-clang 3.2.7 17.04 219.40 236.44 OK
r-devel-linux-x86_64-debian-gcc 3.2.7 0.30 1.74 2.04 ERROR
r-devel-linux-x86_64-fedora-clang 3.2.7 294.95 OK
r-devel-linux-x86_64-fedora-gcc 3.2.7 252.58 OK
r-devel-windows-x86_64 3.2.7 18.00 176.00 194.00 OK
r-patched-linux-x86_64 3.2.7 18.64 209.64 228.28 OK
r-release-linux-x86_64 3.2.7 19.19 204.64 223.83 OK
r-release-macos-arm64 3.2.7 80.00 OK
r-release-macos-x86_64 3.2.7 152.00 OK
r-release-windows-x86_64 3.2.7 16.00 168.00 184.00 OK
r-oldrel-macos-arm64 3.2.7 80.00 OK
r-oldrel-macos-x86_64 3.2.7 155.00 OK
r-oldrel-windows-x86_64 3.2.7 23.00 216.00 239.00 OK

Check Details

Version: 3.2.7
Check: package dependencies
Result: ERROR Package required but not available: ‘car’ See section ‘The DESCRIPTION file’ in the ‘Writing R Extensions’ manual. Flavor: r-devel-linux-x86_64-debian-gcc