CRAN Package Check Results for Package stcos

Last updated on 2021-10-27 23:50:41 CEST.

Flavor Version Tinstall Tcheck Ttotal Status Flags
r-devel-linux-x86_64-debian-clang 0.3.0 87.73 160.45 248.18 OK
r-devel-linux-x86_64-debian-gcc 0.3.0 62.74 130.26 193.00 OK
r-devel-linux-x86_64-fedora-clang 0.3.0 341.31 NOTE
r-devel-linux-x86_64-fedora-gcc 0.3.0 310.75 OK
r-devel-windows-x86_64 0.3.0 120.00 169.00 289.00 OK
r-devel-windows-x86_64-gcc10-UCRT 0.3.0 OK
r-patched-linux-x86_64 0.3.0 76.55 154.23 230.78 OK
r-patched-solaris-x86 0.3.0 399.80 OK
r-release-linux-x86_64 0.3.0 78.19 153.48 231.67 OK
r-release-macos-arm64 0.3.0 NOTE
r-release-macos-x86_64 0.3.0 NOTE
r-release-windows-ix86+x86_64 0.3.0 163.00 307.00 470.00 NOTE
r-oldrel-macos-x86_64 0.3.0 NOTE
r-oldrel-windows-ix86+x86_64 0.3.0 164.00 301.00 465.00 NOTE

Check Details

Version: 0.3.0
Check: installed package size
Result: NOTE
     installed size is 6.4Mb
     sub-directories of 1Mb or more:
     data 2.3Mb
     libs 3.8Mb
Flavors: r-devel-linux-x86_64-fedora-clang, r-release-macos-arm64, r-release-macos-x86_64, r-release-windows-ix86+x86_64, r-oldrel-macos-x86_64, r-oldrel-windows-ix86+x86_64