CRAN Package Check Results for Package statpsych

Last updated on 2022-11-26 23:58:28 CET.

Flavor Version Tinstall Tcheck Ttotal Status Flags
r-devel-linux-x86_64-debian-clang 1.2.0 8.62 142.46 151.08 OK
r-devel-linux-x86_64-debian-gcc 1.2.0 8.79 99.90 108.69 OK
r-devel-linux-x86_64-fedora-clang 1.2.0 193.24 NOTE
r-devel-linux-x86_64-fedora-gcc 1.2.0 188.25 NOTE
r-devel-windows-x86_64 1.2.0 71.00 190.00 261.00 OK
r-patched-linux-x86_64 1.2.0 OK
r-release-linux-x86_64 1.2.0 11.89 129.08 140.97 OK
r-release-macos-arm64 1.2.0 43.00 NOTE
r-release-macos-x86_64 1.2.0 60.00 NOTE
r-release-windows-x86_64 1.2.0 97.00 162.00 259.00 OK
r-oldrel-macos-arm64 1.2.0 45.00 NOTE
r-oldrel-macos-x86_64 1.2.0 61.00 NOTE
r-oldrel-windows-ix86+x86_64 1.2.0 19.00 169.00 188.00 OK

Check Details

Version: 1.2.0
Check: dependencies in R code
Result: NOTE
    Namespaces in Imports field not imported from:
     ‘Rdpack’ ‘mathjaxr’
     All declared Imports should be used.
Flavors: r-devel-linux-x86_64-fedora-clang, r-devel-linux-x86_64-fedora-gcc, r-release-macos-arm64, r-release-macos-x86_64, r-oldrel-macos-arm64, r-oldrel-macos-x86_64