Last updated on 2023-05-30 00:59:58 CEST.
Flavor | Version | Tinstall | Tcheck | Ttotal | Status | Flags |
---|---|---|---|---|---|---|
r-devel-linux-x86_64-debian-clang | 1.1 | 69.40 | 65.28 | 134.68 | OK | |
r-devel-linux-x86_64-debian-gcc | 1.1 | 59.31 | 44.84 | 104.15 | OK | |
r-devel-linux-x86_64-fedora-clang | 1.1 | 177.06 | NOTE | |||
r-devel-linux-x86_64-fedora-gcc | 1.1 | 183.60 | NOTE | |||
r-devel-windows-x86_64 | 1.1 | 59.00 | 79.00 | 138.00 | OK | |
r-patched-linux-x86_64 | 1.1 | 62.43 | 56.49 | 118.92 | OK | |
r-release-linux-x86_64 | 1.1 | 69.35 | 56.35 | 125.70 | OK | |
r-release-macos-arm64 | 1.1 | 54.00 | NOTE | |||
r-release-macos-x86_64 | 1.1 | 87.00 | NOTE | |||
r-release-windows-x86_64 | 1.1 | 68.00 | 95.00 | 163.00 | OK | |
r-oldrel-macos-arm64 | 1.1 | 53.00 | NOTE | |||
r-oldrel-macos-x86_64 | 1.1 | 95.00 | NOTE | |||
r-oldrel-windows-x86_64 | 1.1 | 64.00 | 88.00 | 152.00 | OK |
Version: 1.1
Check: dependencies in R code
Result: NOTE
Namespaces in Imports field not imported from:
‘reshape2’ ‘stats’
All declared Imports should be used.
Flavors: r-devel-linux-x86_64-fedora-clang, r-devel-linux-x86_64-fedora-gcc, r-oldrel-macos-arm64, r-oldrel-macos-x86_64
Version: 1.1
Check: installed package size
Result: NOTE
installed size is 28.7Mb
sub-directories of 1Mb or more:
libs 28.2Mb
Flavors: r-release-macos-arm64, r-release-macos-x86_64, r-oldrel-macos-arm64, r-oldrel-macos-x86_64