CRAN Package Check Results for Package stackoverflow

Last updated on 2021-05-15 23:49:31 CEST.

Flavor Version Tinstall Tcheck Ttotal Status Flags
r-devel-linux-x86_64-debian-clang 0.7.0 2.45 26.97 29.42 OK
r-devel-linux-x86_64-debian-gcc 0.7.0 2.22 21.46 23.68 OK
r-devel-linux-x86_64-fedora-clang 0.7.0 46.23 NOTE
r-devel-linux-x86_64-fedora-gcc 0.7.0 34.83 OK
r-devel-windows-ix86+x86_64 0.7.0 7.00 31.00 38.00 OK
r-devel-windows-x86_64-gcc10-UCRT 0.7.0 OK
r-patched-linux-x86_64 0.7.0 3.32 26.56 29.88 OK
r-patched-solaris-x86 0.7.0 51.60 OK
r-release-linux-x86_64 0.7.0 2.32 25.93 28.25 OK
r-release-macos-x86_64 0.7.0 OK
r-release-windows-ix86+x86_64 0.7.0 4.00 30.00 34.00 OK
r-oldrel-macos-x86_64 0.7.0 OK
r-oldrel-windows-ix86+x86_64 0.7.0 7.00 48.00 55.00 OK

Check Details

Version: 0.7.0
Check: Rd cross-references
Result: NOTE
    Undeclared packages ‘pryr’, ‘functional’, ‘dplyr’, ‘ks’, ‘purrr’, ‘data.table’ in Rd xrefs
Flavor: r-devel-linux-x86_64-fedora-clang