CRAN Package Check Results for Package stR

Last updated on 2021-10-24 23:52:04 CEST.

Flavor Version Tinstall Tcheck Ttotal Status Flags
r-devel-linux-x86_64-debian-clang 0.4 15.53 174.84 190.37 OK
r-devel-linux-x86_64-debian-gcc 0.4 13.63 129.88 143.51 OK
r-devel-linux-x86_64-fedora-clang 0.4 239.95 OK
r-devel-linux-x86_64-fedora-gcc 0.4 221.52 OK
r-devel-windows-x86_64 0.4 25.00 162.00 187.00 NOTE
r-devel-windows-x86_64-gcc10-UCRT 0.4 NOTE
r-patched-linux-x86_64 0.4 21.08 162.96 184.04 OK
r-patched-solaris-x86 0.4 306.90 NOTE
r-release-linux-x86_64 0.4 14.47 164.24 178.71 OK
r-release-macos-arm64 0.4 OK
r-release-macos-x86_64 0.4 OK
r-release-windows-ix86+x86_64 0.4 26.00 212.00 238.00 NOTE
r-oldrel-macos-x86_64 0.4 OK
r-oldrel-windows-ix86+x86_64 0.4 36.00 212.00 248.00 NOTE

Check Details

Version: 0.4
Check: package dependencies
Result: NOTE
    Package suggested but not available for checking: 'doMC'
Flavors: r-devel-windows-x86_64, r-devel-windows-x86_64-gcc10-UCRT, r-release-windows-ix86+x86_64, r-oldrel-windows-ix86+x86_64

Version: 0.4
Check: package dependencies
Result: NOTE
    Package suggested but not available for checking: ‘seasonal’
Flavor: r-patched-solaris-x86