CRAN Package Check Results for Package ssimparser

Last updated on 2024-06-14 00:54:00 CEST.

Flavor Version Tinstall Tcheck Ttotal Status Flags
r-devel-linux-x86_64-debian-clang 0.1.1 2.58 28.11 30.69 OK
r-devel-linux-x86_64-debian-gcc 0.1.1 0.32 1.70 2.02 ERROR
r-devel-linux-x86_64-fedora-clang 0.1.1 39.48 OK
r-devel-linux-x86_64-fedora-gcc 0.1.1 41.31 OK
r-devel-windows-x86_64 0.1.1 3.00 49.00 52.00 OK
r-patched-linux-x86_64 0.1.1 2.64 28.84 31.48 OK
r-release-linux-x86_64 0.1.1 1.58 27.90 29.48 OK
r-release-macos-arm64 0.1.1 17.00 OK
r-release-macos-x86_64 0.1.1 27.00 OK
r-release-windows-x86_64 0.1.1 5.00 50.00 55.00 OK
r-oldrel-macos-arm64 0.1.1 18.00 OK
r-oldrel-macos-x86_64 0.1.1 23.00 OK
r-oldrel-windows-x86_64 0.1.1 4.00 53.00 57.00 OK

Check Details

Version: 0.1.1
Check: package dependencies
Result: ERROR Packages required but not available: 'tidyr', 'dplyr', 'stringr', 'airportr' See section ‘The DESCRIPTION file’ in the ‘Writing R Extensions’ manual. Flavor: r-devel-linux-x86_64-debian-gcc