CRAN Package Check Results for Package spsUtil

Last updated on 2023-06-01 00:59:53 CEST.

Flavor Version Tinstall Tcheck Ttotal Status Flags
r-devel-linux-x86_64-debian-clang 0.2.2 5.74 31.98 37.72 OK
r-devel-linux-x86_64-debian-gcc 0.2.2 4.68 25.40 30.08 OK
r-devel-linux-x86_64-fedora-clang 0.2.2 50.40 NOTE
r-devel-linux-x86_64-fedora-gcc 0.2.2 44.82 OK
r-devel-windows-x86_64 0.2.2 6.00 48.00 54.00 OK
r-patched-linux-x86_64 0.2.2 OK
r-release-linux-x86_64 0.2.2 5.85 31.32 37.17 OK
r-release-macos-arm64 0.2.2 21.00 OK
r-release-macos-x86_64 0.2.2 27.00 OK
r-release-windows-x86_64 0.2.2 7.00 51.00 58.00 OK
r-oldrel-macos-arm64 0.2.2 18.00 OK
r-oldrel-macos-x86_64 0.2.2 27.00 OK
r-oldrel-windows-x86_64 0.2.2 8.00 51.00 59.00 OK

Check Details

Version: 0.2.2
Check: Rd cross-references
Result: NOTE
    Undeclared package ‘shiny’ in Rd xrefs
Flavor: r-devel-linux-x86_64-fedora-clang