CRAN Package Check Results for Package splmm

Last updated on 2024-06-17 00:50:12 CEST.

Flavor Version Tinstall Tcheck Ttotal Status Flags
r-devel-linux-x86_64-debian-clang 1.2.0 55.17 109.18 164.35 OK
r-devel-linux-x86_64-debian-gcc 1.2.0 38.70 80.49 119.19 OK
r-devel-linux-x86_64-fedora-clang 1.2.0 238.91 OK
r-devel-linux-x86_64-fedora-gcc 1.2.0 225.30 OK
r-devel-windows-x86_64 1.1.3 41.00 113.00 154.00 NOTE
r-patched-linux-x86_64 1.1.3 49.98 100.45 150.43 NOTE
r-release-linux-x86_64 1.2.0 48.13 104.11 152.24 OK
r-release-macos-arm64 1.2.0 61.00 OK
r-release-macos-x86_64 1.2.0 166.00 OK
r-release-windows-x86_64 1.2.0 43.00 113.00 156.00 OK
r-oldrel-macos-arm64 1.2.0 60.00 OK
r-oldrel-macos-x86_64 1.2.0 149.00 OK
r-oldrel-windows-x86_64 1.2.0 54.00 139.00 193.00 OK

Check Details

Version: 1.1.3
Check: C++ specification
Result: NOTE Specified C++11: please drop specification unless essential Flavors: r-devel-windows-x86_64, r-patched-linux-x86_64