CRAN Package Check Results for Package splitstackshape

Last updated on 2024-06-13 00:55:33 CEST.

Flavor Version Tinstall Tcheck Ttotal Status Flags
r-devel-linux-x86_64-debian-clang 1.4.8 3.66 38.53 42.19 NOTE
r-devel-linux-x86_64-debian-gcc 1.4.8 2.86 30.50 33.36 ERROR
r-devel-linux-x86_64-fedora-clang 1.4.8 53.47 NOTE
r-devel-linux-x86_64-fedora-gcc 1.4.8 49.08 NOTE
r-devel-windows-x86_64 1.4.8 5.00 53.00 58.00 NOTE
r-patched-linux-x86_64 1.4.8 4.33 37.49 41.82 NOTE
r-release-linux-x86_64 1.4.8 3.02 37.30 40.32 NOTE
r-release-macos-arm64 1.4.8 18.00 NOTE
r-release-macos-x86_64 1.4.8 32.00 NOTE
r-release-windows-x86_64 1.4.8 5.00 54.00 59.00 NOTE
r-oldrel-macos-arm64 1.4.8 19.00 NOTE
r-oldrel-macos-x86_64 1.4.8 29.00 NOTE
r-oldrel-windows-x86_64 1.4.8 5.00 58.00 63.00 NOTE

Check Details

Version: 1.4.8
Check: package subdirectories
Result: NOTE Problems with news in ‘NEWS.md’: Cannot extract version info from the following section titles: Feature Changes Flavors: r-devel-linux-x86_64-debian-clang, r-devel-linux-x86_64-debian-gcc, r-devel-linux-x86_64-fedora-clang, r-devel-linux-x86_64-fedora-gcc, r-devel-windows-x86_64, r-patched-linux-x86_64, r-release-linux-x86_64, r-release-macos-arm64, r-release-macos-x86_64, r-release-windows-x86_64, r-oldrel-macos-arm64, r-oldrel-macos-x86_64, r-oldrel-windows-x86_64

Version: 1.4.8
Check: package dependencies
Result: NOTE Package suggested but not available for checking: ‘testthat’ Flavor: r-devel-linux-x86_64-debian-gcc

Version: 1.4.8
Check: tests
Result: ERROR Running ‘testthat.R’ [0s/1s] Running the tests in ‘tests/testthat.R’ failed. Complete output: > library(testthat) Error in library(testthat) : there is no package called 'testthat' Execution halted Flavor: r-devel-linux-x86_64-debian-gcc

Version: 1.4.8
Check: Rd cross-references
Result: NOTE Undeclared packages ‘reshape2’, ‘sampling’, ‘dplyr’ in Rd xrefs Flavor: r-devel-linux-x86_64-fedora-clang