Last updated on 2023-02-03 23:51:50 CET.
Flavor | Version | Tinstall | Tcheck | Ttotal | Status | Flags |
---|---|---|---|---|---|---|
r-devel-linux-x86_64-debian-clang | 1.0.1 | 211.58 | 164.44 | 376.02 | NOTE | |
r-devel-linux-x86_64-debian-gcc | 1.0.1 | 161.67 | 118.64 | 280.31 | NOTE | |
r-devel-linux-x86_64-fedora-clang | 1.0.1 | 508.67 | NOTE | |||
r-devel-linux-x86_64-fedora-gcc | 1.0.1 | 478.76 | NOTE | |||
r-devel-windows-x86_64 | 1.0.1 | 188.00 | 330.00 | 518.00 | NOTE | |
r-patched-linux-x86_64 | 1.0.1 | 176.52 | 154.99 | 331.51 | OK | |
r-release-linux-x86_64 | 1.0.1 | 160.88 | 151.44 | 312.32 | OK | |
r-release-macos-arm64 | 1.0.1 | 163.00 | NOTE | |||
r-release-macos-x86_64 | 1.0.1 | 188.00 | NOTE | |||
r-release-windows-x86_64 | 1.0.1 | 196.00 | 318.00 | 514.00 | OK | |
r-oldrel-macos-arm64 | 1.0.1 | 224.00 | NOTE | |||
r-oldrel-macos-x86_64 | 1.0.1 | 183.00 | NOTE | |||
r-oldrel-windows-ix86+x86_64 | 1.0.1 | 470.00 | 505.00 | 975.00 | OK |
Version: 1.0.1
Check: C++ specification
Result: NOTE
Specified C++11: please update to current default of C++17
Flavors: r-devel-linux-x86_64-debian-clang, r-devel-linux-x86_64-debian-gcc, r-devel-linux-x86_64-fedora-clang, r-devel-linux-x86_64-fedora-gcc, r-devel-windows-x86_64
Version: 1.0.1
Check: data for non-ASCII characters
Result: NOTE
Note: found 189 marked UTF-8 strings
Flavors: r-devel-linux-x86_64-fedora-clang, r-devel-linux-x86_64-fedora-gcc, r-release-macos-arm64, r-release-macos-x86_64, r-oldrel-macos-arm64, r-oldrel-macos-x86_64
Version: 1.0.1
Check: installed package size
Result: NOTE
installed size is 17.8Mb
sub-directories of 1Mb or more:
libs 16.9Mb
Flavors: r-release-macos-arm64, r-release-macos-x86_64, r-oldrel-macos-arm64, r-oldrel-macos-x86_64