CRAN Package Check Results for Package spectrolab

Last updated on 2023-09-22 00:53:30 CEST.

Flavor Version Tinstall Tcheck Ttotal Status Flags
r-devel-linux-x86_64-debian-clang 0.0.18 7.23 98.17 105.40 NOTE
r-devel-linux-x86_64-debian-gcc 0.0.18 6.84 74.31 81.15 NOTE
r-devel-linux-x86_64-fedora-clang 0.0.18 133.36 NOTE
r-devel-linux-x86_64-fedora-gcc 0.0.18 142.11 NOTE
r-devel-windows-x86_64 0.0.18 10.00 143.00 153.00 NOTE
r-patched-linux-x86_64 0.0.18 8.04 94.86 102.90 OK
r-release-linux-x86_64 0.0.18 5.50 96.12 101.62 OK
r-release-macos-arm64 0.0.18 56.00 OK
r-release-macos-x86_64 0.0.18 79.00 OK
r-release-windows-x86_64 0.0.18 11.00 131.00 142.00 OK
r-oldrel-macos-arm64 0.0.18 43.00 OK
r-oldrel-macos-x86_64 0.0.18 60.00 OK
r-oldrel-windows-x86_64 0.0.18 12.00 126.00 138.00 OK

Check Details

Version: 0.0.18
Check: Rd \usage sections
Result: NOTE
    Documented arguments not in \usage in documentation object 'i_is_index':
     ‘max_length’
    
    Documented arguments not in \usage in documentation object 'i_read_asd_spectra':
     ‘format’
    
    Functions with \usage entries need to have the appropriate \alias
    entries, and all their arguments documented.
    The \usage entries must correspond to syntactically valid R code.
    See chapter ‘Writing R documentation files’ in the ‘Writing R
    Extensions’ manual.
Flavors: r-devel-linux-x86_64-debian-clang, r-devel-linux-x86_64-debian-gcc, r-devel-linux-x86_64-fedora-clang, r-devel-linux-x86_64-fedora-gcc, r-devel-windows-x86_64