CRAN Package Check Results for Package spatialwidget

Last updated on 2021-12-08 23:49:32 CET.

Flavor Version Tinstall Tcheck Ttotal Status Flags
r-devel-linux-x86_64-debian-clang 0.2.3 269.79 42.52 312.31 OK
r-devel-linux-x86_64-debian-gcc 0.2.3 221.22 35.41 256.63 OK
r-devel-linux-x86_64-fedora-clang 0.2.3 464.91 NOTE
r-devel-linux-x86_64-fedora-gcc 0.2.3 474.84 OK
r-devel-windows-x86_64-new-UL 0.2.3 340.00 128.00 468.00 OK
r-devel-windows-x86_64-new-TK 0.2.3 OK
r-devel-windows-x86_64-old 0.2.3 308.00 61.00 369.00 OK
r-patched-linux-x86_64 0.2.3 257.78 40.55 298.33 OK
r-release-linux-x86_64 0.2.3 257.80 40.34 298.14 OK
r-release-macos-arm64 0.2.3 NOTE
r-release-macos-x86_64 0.2.3 NOTE
r-release-windows-ix86+x86_64 0.2.3 444.00 94.00 538.00 NOTE
r-oldrel-macos-x86_64 0.2.3 NOTE
r-oldrel-windows-ix86+x86_64 0.2.3 619.00 96.00 715.00 NOTE

Check Details

Version: 0.2.3
Check: installed package size
Result: NOTE
     installed size is 23.3Mb
     sub-directories of 1Mb or more:
     doc 1.2Mb
     libs 21.7Mb
Flavors: r-devel-linux-x86_64-fedora-clang, r-release-macos-arm64, r-release-macos-x86_64, r-release-windows-ix86+x86_64, r-oldrel-macos-x86_64, r-oldrel-windows-ix86+x86_64