CRAN Package Check Results for Package sparsebn

Last updated on 2021-10-20 23:50:26 CEST.

Flavor Version Tinstall Tcheck Ttotal Status Flags
r-devel-linux-x86_64-debian-clang 0.1.2 3.72 114.02 117.74 OK
r-devel-linux-x86_64-debian-gcc 0.1.2 3.07 94.19 97.26 OK
r-devel-linux-x86_64-fedora-clang 0.1.2 146.60 OK
r-devel-linux-x86_64-fedora-gcc 0.1.2 149.35 OK
r-devel-windows-x86_64 0.1.2 7.00 123.00 130.00 OK
r-devel-windows-x86_64-gcc10-UCRT 0.1.2 ERROR
r-patched-linux-x86_64 0.1.2 6.86 117.55 124.41 OK
r-patched-solaris-x86 0.1.2 212.60 OK
r-release-linux-x86_64 0.1.2 3.49 117.58 121.07 OK
r-release-macos-arm64 0.1.2 OK
r-release-macos-x86_64 0.1.2 OK
r-release-windows-ix86+x86_64 0.1.2 6.00 110.00 116.00 OK
r-oldrel-macos-x86_64 0.1.2 OK
r-oldrel-windows-ix86+x86_64 0.1.2 8.00 147.00 155.00 OK

Check Details

Version: 0.1.2
Check: package dependencies
Result: ERROR
    Package required but not available: 'discretecdAlgorithm'
    
    Package suggested but not available for checking: 'igraph'
    
    See section 'The DESCRIPTION file' in the 'Writing R Extensions'
    manual.
Flavor: r-devel-windows-x86_64-gcc10-UCRT