CRAN Package Check Results for Package sparseHessianFD

Last updated on 2024-03-04 00:55:55 CET.

Flavor Version Tinstall Tcheck Ttotal Status Flags
r-devel-linux-x86_64-debian-clang 0.3.3.7 41.46 98.18 139.64 NOTE
r-devel-linux-x86_64-debian-gcc 0.3.3.7 31.79 73.85 105.64 NOTE
r-devel-linux-x86_64-fedora-clang 0.3.3.7 183.44 NOTE
r-devel-linux-x86_64-fedora-gcc 0.3.3.7 187.71 NOTE
r-devel-windows-x86_64 0.3.3.7 32.00 135.00 167.00 NOTE
r-patched-linux-x86_64 0.3.3.7 35.77 94.38 130.15 NOTE
r-release-linux-x86_64 0.3.3.7 42.69 95.59 138.28 NOTE
r-release-macos-arm64 0.3.3.7 66.00 NOTE
r-release-macos-x86_64 0.3.3.7 97.00 NOTE
r-release-windows-x86_64 0.3.3.7 40.00 148.00 188.00 NOTE
r-oldrel-macos-arm64 0.3.3.7 53.00 OK
r-oldrel-windows-x86_64 0.3.3.7 42.00 142.00 184.00 OK

Check Details

Version: 0.3.3.7
Check: C++ specification
Result: NOTE Specified C++11: please drop specification unless essential Flavors: r-devel-linux-x86_64-debian-clang, r-devel-linux-x86_64-debian-gcc, r-devel-linux-x86_64-fedora-clang, r-devel-linux-x86_64-fedora-gcc, r-devel-windows-x86_64, r-patched-linux-x86_64, r-release-linux-x86_64, r-release-macos-arm64, r-release-macos-x86_64, r-release-windows-x86_64

Version: 0.3.3.7
Check: Rd files
Result: NOTE checkRd: (-1) Coord.to.Pointers.Rd:54: Lost braces; missing escapes or markup? 54 | \item{triangle=TRUE}{Input \code{rows} and {cols} represent lower | ^ checkRd: (-1) Coord.to.Pointers.Rd:59: Lost braces; missing escapes or markup? 59 | \item{triangle=FALSE}{Input \code{rows} and {cols} represent a full | ^ Flavors: r-devel-linux-x86_64-debian-clang, r-devel-linux-x86_64-debian-gcc, r-devel-linux-x86_64-fedora-clang, r-devel-linux-x86_64-fedora-gcc