Last updated on 2023-01-28 23:51:52 CET.
Flavor | Version | Tinstall | Tcheck | Ttotal | Status | Flags |
---|---|---|---|---|---|---|
r-devel-linux-x86_64-debian-clang | 0.3.3.7 | 40.80 | 97.55 | 138.35 | OK | |
r-devel-linux-x86_64-debian-gcc | 0.3.3.7 | 31.55 | 73.91 | 105.46 | NOTE | |
r-devel-linux-x86_64-fedora-clang | 0.3.3.7 | 181.85 | NOTE | |||
r-devel-linux-x86_64-fedora-gcc | 0.3.3.7 | 189.72 | NOTE | |||
r-patched-linux-x86_64 | 0.3.3.7 | 30.95 | 91.55 | 122.50 | OK | |
r-release-linux-x86_64 | 0.3.3.7 | 32.12 | 94.67 | 126.79 | OK | |
r-release-macos-arm64 | 0.3.3.7 | 53.00 | OK | |||
r-release-macos-x86_64 | 0.3.3.7 | 70.00 | OK | |||
r-release-windows-x86_64 | 0.3.3.7 | 74.00 | 174.00 | 248.00 | OK | |
r-oldrel-macos-arm64 | 0.3.3.7 | 51.00 | OK | |||
r-oldrel-macos-x86_64 | 0.3.3.7 | 75.00 | OK | |||
r-oldrel-windows-ix86+x86_64 | 0.3.3.7 | 99.00 | 171.00 | 270.00 | OK |
Version: 0.3.3.7
Check: C++ specification
Result: NOTE
Specified C++11: please update to current default of C++17
Flavors: r-devel-linux-x86_64-debian-gcc, r-devel-linux-x86_64-fedora-clang, r-devel-linux-x86_64-fedora-gcc