CRAN Package Check Results for Package sparkwarc

Last updated on 2021-10-18 23:49:47 CEST.

Flavor Version Tinstall Tcheck Ttotal Status Flags
r-devel-linux-x86_64-debian-clang 0.1.5 22.56 57.29 79.85 NOTE
r-devel-linux-x86_64-debian-gcc 0.1.5 17.33 42.69 60.02 NOTE
r-devel-linux-x86_64-fedora-clang 0.1.5 114.84 NOTE
r-devel-linux-x86_64-fedora-gcc 0.1.5 95.48 NOTE
r-devel-windows-x86_64 0.1.5 33.00 79.00 112.00 NOTE
r-devel-windows-x86_64-gcc10-UCRT 0.1.5 NOTE
r-patched-linux-x86_64 0.1.5 21.68 53.23 74.91 NOTE
r-patched-solaris-x86 0.1.5 122.40 NOTE
r-release-linux-x86_64 0.1.5 18.74 53.76 72.50 NOTE
r-release-macos-arm64 0.1.5 NOTE
r-release-macos-x86_64 0.1.5 NOTE
r-release-windows-ix86+x86_64 0.1.5 53.00 110.00 163.00 NOTE
r-oldrel-macos-x86_64 0.1.5 OK
r-oldrel-windows-ix86+x86_64 0.1.5 60.00 114.00 174.00 OK

Check Details

Version: 0.1.5
Check: LazyData
Result: NOTE
     'LazyData' is specified without a 'data' directory
Flavors: r-devel-linux-x86_64-debian-clang, r-devel-linux-x86_64-debian-gcc, r-devel-linux-x86_64-fedora-clang, r-devel-linux-x86_64-fedora-gcc, r-devel-windows-x86_64, r-devel-windows-x86_64-gcc10-UCRT, r-patched-linux-x86_64, r-patched-solaris-x86, r-release-linux-x86_64, r-release-macos-arm64, r-release-macos-x86_64, r-release-windows-ix86+x86_64