CRAN Package Check Results for Package sparktf

Last updated on 2021-10-24 23:52:03 CEST.

Flavor Version Tinstall Tcheck Ttotal Status Flags
r-devel-linux-x86_64-debian-clang 0.1.0 6.49 55.67 62.16 NOTE
r-devel-linux-x86_64-debian-gcc 0.1.0 5.37 42.70 48.07 NOTE
r-devel-linux-x86_64-fedora-clang 0.1.0 86.98 NOTE
r-devel-linux-x86_64-fedora-gcc 0.1.0 72.21 NOTE
r-devel-windows-x86_64 0.1.0 13.00 58.00 71.00 NOTE
r-devel-windows-x86_64-gcc10-UCRT 0.1.0 NOTE
r-patched-linux-x86_64 0.1.0 6.47 52.12 58.59 NOTE
r-patched-solaris-x86 0.1.0 104.10 NOTE
r-release-linux-x86_64 0.1.0 5.73 52.35 58.08 NOTE
r-release-macos-arm64 0.1.0 NOTE
r-release-macos-x86_64 0.1.0 NOTE
r-release-windows-ix86+x86_64 0.1.0 12.00 80.00 92.00 NOTE
r-oldrel-macos-x86_64 0.1.0 OK
r-oldrel-windows-ix86+x86_64 0.1.0 16.00 80.00 96.00 OK

Check Details

Version: 0.1.0
Check: LazyData
Result: NOTE
     'LazyData' is specified without a 'data' directory
Flavors: r-devel-linux-x86_64-debian-clang, r-devel-linux-x86_64-debian-gcc, r-devel-linux-x86_64-fedora-clang, r-devel-linux-x86_64-fedora-gcc, r-devel-windows-x86_64, r-devel-windows-x86_64-gcc10-UCRT, r-patched-linux-x86_64, r-patched-solaris-x86, r-release-linux-x86_64, r-release-macos-arm64, r-release-macos-x86_64, r-release-windows-ix86+x86_64