CRAN Package Check Results for Package sparklyr.nested

Last updated on 2021-10-27 23:50:41 CEST.

Flavor Version Tinstall Tcheck Ttotal Status Flags
r-devel-linux-x86_64-debian-clang 0.0.3 6.45 58.66 65.11 NOTE
r-devel-linux-x86_64-debian-gcc 0.0.3 5.68 43.02 48.70 NOTE
r-devel-linux-x86_64-fedora-clang 0.0.3 92.43 NOTE
r-devel-linux-x86_64-fedora-gcc 0.0.3 74.19 NOTE
r-devel-windows-x86_64 0.0.3 13.00 64.00 77.00 NOTE
r-devel-windows-x86_64-gcc10-UCRT 0.0.3 NOTE
r-patched-linux-x86_64 0.0.3 6.68 54.21 60.89 NOTE
r-patched-solaris-x86 0.0.3 106.50 NOTE
r-release-linux-x86_64 0.0.3 5.37 53.66 59.03 NOTE
r-release-macos-arm64 0.0.3 NOTE
r-release-macos-x86_64 0.0.3 NOTE
r-release-windows-ix86+x86_64 0.0.3 13.00 81.00 94.00 NOTE
r-oldrel-macos-x86_64 0.0.3 OK
r-oldrel-windows-ix86+x86_64 0.0.3 13.00 71.00 84.00 OK

Check Details

Version: 0.0.3
Check: LazyData
Result: NOTE
     'LazyData' is specified without a 'data' directory
Flavors: r-devel-linux-x86_64-debian-clang, r-devel-linux-x86_64-debian-gcc, r-devel-linux-x86_64-fedora-clang, r-devel-linux-x86_64-fedora-gcc, r-devel-windows-x86_64, r-devel-windows-x86_64-gcc10-UCRT, r-patched-linux-x86_64, r-patched-solaris-x86, r-release-linux-x86_64, r-release-macos-arm64, r-release-macos-x86_64, r-release-windows-ix86+x86_64