CRAN Package Check Results for Package sparklyr

Last updated on 2021-09-23 23:50:21 CEST.

Flavor Version Tinstall Tcheck Ttotal Status Flags
r-devel-linux-x86_64-debian-clang 1.7.2 33.52 177.70 211.22 OK
r-devel-linux-x86_64-debian-gcc 1.7.2 28.95 130.13 159.08 OK
r-devel-linux-x86_64-fedora-clang 1.7.2 260.05 NOTE
r-devel-linux-x86_64-fedora-gcc 1.7.2 248.12 NOTE
r-devel-windows-x86_64 1.7.2 40.00 153.00 193.00 NOTE
r-devel-windows-x86_64-gcc10-UCRT 1.7.2 NOTE
r-patched-linux-x86_64 1.7.2 36.55 166.85 203.40 OK
r-patched-solaris-x86 1.7.2 283.80 NOTE
r-release-linux-x86_64 1.7.2 22.21 166.95 189.16 OK
r-release-macos-arm64 1.7.2 NOTE
r-release-macos-x86_64 1.7.2 NOTE
r-release-windows-ix86+x86_64 1.7.2 52.00 172.00 224.00 NOTE
r-oldrel-macos-x86_64 1.7.2 NOTE
r-oldrel-windows-ix86+x86_64 1.7.2 52.00 165.00 217.00 NOTE

Check Details

Version: 1.7.2
Check: package dependencies
Result: NOTE
    Imports includes 31 non-default packages.
    Importing from so many packages makes the package vulnerable to any of
    them becoming unavailable. Move as many as possible to Suggests and
    use conditionally.
Flavor: r-devel-linux-x86_64-fedora-clang

Version: 1.7.2
Check: installed package size
Result: NOTE
     installed size is 6.2Mb
     sub-directories of 1Mb or more:
     R 1.5Mb
     java 3.4Mb
Flavors: r-devel-linux-x86_64-fedora-clang, r-devel-windows-x86_64, r-patched-solaris-x86, r-release-macos-arm64, r-release-macos-x86_64, r-release-windows-ix86+x86_64, r-oldrel-macos-x86_64, r-oldrel-windows-ix86+x86_64

Version: 1.7.2
Check: dependencies in R code
Result: NOTE
    Namespace in Imports field not imported from: ‘lifecycle’
     All declared Imports should be used.
Flavors: r-devel-linux-x86_64-fedora-clang, r-devel-linux-x86_64-fedora-gcc, r-devel-windows-x86_64-gcc10-UCRT, r-patched-solaris-x86, r-release-macos-arm64, r-release-macos-x86_64, r-oldrel-macos-x86_64