CRAN Package Check Results for Package sparklyr.flint

Last updated on 2021-10-18 23:49:47 CEST.

Flavor Version Tinstall Tcheck Ttotal Status Flags
r-devel-linux-x86_64-debian-clang 0.2.1 7.19 73.90 81.09 NOTE
r-devel-linux-x86_64-debian-gcc 0.2.1 5.41 56.60 62.01 NOTE
r-devel-linux-x86_64-fedora-clang 0.2.1 105.60 NOTE
r-devel-linux-x86_64-fedora-gcc 0.2.1 94.39 NOTE
r-devel-windows-x86_64 0.2.1 13.00 113.00 126.00 NOTE
r-devel-windows-x86_64-gcc10-UCRT 0.2.1 NOTE
r-patched-linux-x86_64 0.2.1 8.68 70.44 79.12 NOTE
r-patched-solaris-x86 0.2.1 133.10 NOTE
r-release-linux-x86_64 0.2.1 6.61 71.18 77.79 NOTE
r-release-macos-arm64 0.2.1 NOTE
r-release-macos-x86_64 0.2.1 NOTE
r-release-windows-ix86+x86_64 0.2.1 24.00 112.00 136.00 NOTE
r-oldrel-macos-x86_64 0.2.1 OK
r-oldrel-windows-ix86+x86_64 0.2.1 18.00 116.00 134.00 OK

Check Details

Version: 0.2.1
Check: LazyData
Result: NOTE
     'LazyData' is specified without a 'data' directory
Flavors: r-devel-linux-x86_64-debian-clang, r-devel-linux-x86_64-debian-gcc, r-devel-linux-x86_64-fedora-clang, r-devel-linux-x86_64-fedora-gcc, r-devel-windows-x86_64, r-devel-windows-x86_64-gcc10-UCRT, r-patched-linux-x86_64, r-patched-solaris-x86, r-release-linux-x86_64, r-release-macos-arm64, r-release-macos-x86_64, r-release-windows-ix86+x86_64