CRAN Package Check Results for Package sparkbq

Last updated on 2021-10-18 23:49:47 CEST.

Flavor Version Tinstall Tcheck Ttotal Status Flags
r-devel-linux-x86_64-debian-clang 0.1.1 6.49 53.48 59.97 NOTE
r-devel-linux-x86_64-debian-gcc 0.1.1 5.11 40.24 45.35 NOTE
r-devel-linux-x86_64-fedora-clang 0.1.1 82.14 NOTE
r-devel-linux-x86_64-fedora-gcc 0.1.1 68.40 NOTE
r-devel-windows-x86_64 0.1.1 12.00 72.00 84.00 NOTE
r-devel-windows-x86_64-gcc10-UCRT 0.1.1 NOTE
r-patched-linux-x86_64 0.1.1 6.63 50.54 57.17 NOTE
r-patched-solaris-x86 0.1.1 101.10 NOTE
r-release-linux-x86_64 0.1.1 6.29 50.26 56.55 NOTE
r-release-macos-arm64 0.1.1 NOTE
r-release-macos-x86_64 0.1.1 NOTE
r-release-windows-ix86+x86_64 0.1.1 19.00 72.00 91.00 NOTE
r-oldrel-macos-x86_64 0.1.1 OK
r-oldrel-windows-ix86+x86_64 0.1.1 17.00 74.00 91.00 OK

Check Details

Version: 0.1.1
Check: LazyData
Result: NOTE
     'LazyData' is specified without a 'data' directory
Flavors: r-devel-linux-x86_64-debian-clang, r-devel-linux-x86_64-debian-gcc, r-devel-linux-x86_64-fedora-clang, r-devel-linux-x86_64-fedora-gcc, r-devel-windows-x86_64, r-devel-windows-x86_64-gcc10-UCRT, r-patched-linux-x86_64, r-patched-solaris-x86, r-release-linux-x86_64, r-release-macos-arm64, r-release-macos-x86_64, r-release-windows-ix86+x86_64