CRAN Package Check Results for Package sparcl

Last updated on 2021-12-01 23:51:52 CET.

Flavor Version Tinstall Tcheck Ttotal Status Flags
r-devel-linux-x86_64-debian-clang 1.0.4 3.47 32.25 35.72 OK
r-devel-linux-x86_64-debian-gcc 1.0.4 2.41 25.24 27.65 OK
r-devel-linux-x86_64-fedora-clang 1.0.4 54.58 NOTE
r-devel-linux-x86_64-fedora-gcc 1.0.4 44.28 NOTE
r-devel-windows-x86_64-new-UL 1.0.4 11.00 61.00 72.00 OK
r-devel-windows-x86_64-new-TK 1.0.4 OK
r-devel-windows-x86_64-old 1.0.4 6.00 41.00 47.00 OK
r-patched-linux-x86_64 1.0.4 3.33 31.15 34.48 OK
r-patched-solaris-x86 1.0.4 69.20 OK
r-release-linux-x86_64 1.0.4 3.25 30.78 34.03 OK
r-release-macos-arm64 1.0.4 OK
r-release-macos-x86_64 1.0.4 OK
r-release-windows-ix86+x86_64 1.0.4 9.00 45.00 54.00 OK
r-oldrel-macos-x86_64 1.0.4 OK
r-oldrel-windows-ix86+x86_64 1.0.4 8.00 48.00 56.00 OK

Check Details

Version: 1.0.4
Check: compiled code
Result: NOTE
    File ‘sparcl/libs/sparcl.so’:
     Found no calls to: ‘R_registerRoutines’, ‘R_useDynamicSymbols’
    
    It is good practice to register native routines and to disable symbol
    search.
    
    See ‘Writing portable packages’ in the ‘Writing R Extensions’ manual.
Flavors: r-devel-linux-x86_64-fedora-clang, r-devel-linux-x86_64-fedora-gcc