Last updated on 2023-01-26 23:56:03 CET.
Flavor | Version | Tinstall | Tcheck | Ttotal | Status | Flags |
---|---|---|---|---|---|---|
r-devel-linux-x86_64-debian-clang | 0.3.2 | 35.25 | 30.04 | 65.29 | OK | |
r-devel-linux-x86_64-debian-gcc | 0.3.2 | 24.44 | 23.66 | 48.10 | OK | |
r-devel-linux-x86_64-fedora-clang | 0.3.2 | 88.55 | OK | |||
r-devel-linux-x86_64-fedora-gcc | 0.3.2 | 84.94 | OK | |||
r-patched-linux-x86_64 | 0.3.2 | 27.54 | 29.86 | 57.40 | OK | |
r-release-linux-x86_64 | 0.3.2 | 27.05 | 29.36 | 56.41 | OK | |
r-release-macos-arm64 | 0.3.2 | 32.00 | NOTE | |||
r-release-macos-x86_64 | 0.3.2 | 36.00 | NOTE | |||
r-release-windows-x86_64 | 0.3.2 | 40.00 | 79.00 | 119.00 | OK | |
r-oldrel-macos-arm64 | 0.3.2 | 32.00 | NOTE | |||
r-oldrel-macos-x86_64 | 0.3.2 | 39.00 | NOTE | |||
r-oldrel-windows-ix86+x86_64 | 0.3.2 | 83.00 | 83.00 | 166.00 | NOTE |
Version: 0.3.2
Check: installed package size
Result: NOTE
installed size is 5.3Mb
sub-directories of 1Mb or more:
include 2.1Mb
libs 3.1Mb
Flavors: r-release-macos-arm64, r-release-macos-x86_64, r-oldrel-macos-arm64, r-oldrel-macos-x86_64, r-oldrel-windows-ix86+x86_64