CRAN Package Check Results for Package spData

Last updated on 2021-09-27 23:50:55 CEST.

Flavor Version Tinstall Tcheck Ttotal Status Flags
r-devel-linux-x86_64-debian-clang 0.3.10 11.50 97.41 108.91 NOTE
r-devel-linux-x86_64-debian-gcc 0.3.10 8.10 75.32 83.42 NOTE
r-devel-linux-x86_64-fedora-clang 0.3.10 139.06 NOTE
r-devel-linux-x86_64-fedora-gcc 0.3.10 124.98 NOTE
r-devel-windows-x86_64 0.3.10 12.00 90.00 102.00 NOTE
r-devel-windows-x86_64-gcc10-UCRT 0.3.10 NOTE
r-patched-linux-x86_64 0.3.10 11.00 93.88 104.88 NOTE
r-patched-solaris-x86 0.3.10 180.00 NOTE
r-release-linux-x86_64 0.3.10 10.61 94.36 104.97 NOTE
r-release-macos-arm64 0.3.10 NOTE
r-release-macos-x86_64 0.3.10 NOTE
r-release-windows-ix86+x86_64 0.3.10 23.00 92.00 115.00 NOTE
r-oldrel-macos-x86_64 0.3.10 NOTE
r-oldrel-windows-ix86+x86_64 0.3.10 17.00 97.00 114.00 NOTE

Check Details

Version: 0.3.10
Check: package dependencies
Result: NOTE
    Package suggested but not available for checking: 'spDataLarge'
Flavors: r-devel-linux-x86_64-debian-clang, r-devel-linux-x86_64-debian-gcc, r-devel-linux-x86_64-fedora-clang, r-devel-linux-x86_64-fedora-gcc, r-devel-windows-x86_64, r-devel-windows-x86_64-gcc10-UCRT, r-patched-linux-x86_64, r-patched-solaris-x86, r-release-linux-x86_64, r-release-macos-arm64, r-release-macos-x86_64, r-release-windows-ix86+x86_64, r-oldrel-macos-x86_64, r-oldrel-windows-ix86+x86_64

Version: 0.3.10
Check: installed package size
Result: NOTE
     installed size is 6.5Mb
     sub-directories of 1Mb or more:
     data 2.6Mb
     shapes 3.2Mb
Flavors: r-devel-linux-x86_64-fedora-clang, r-devel-windows-x86_64, r-patched-solaris-x86, r-release-macos-arm64, r-release-macos-x86_64, r-release-windows-ix86+x86_64, r-oldrel-macos-x86_64, r-oldrel-windows-ix86+x86_64

Version: 0.3.10
Check: data for non-ASCII characters
Result: NOTE
     Note: found 56 marked UTF-8 strings
Flavors: r-devel-linux-x86_64-fedora-clang, r-devel-linux-x86_64-fedora-gcc, r-devel-windows-x86_64-gcc10-UCRT, r-patched-solaris-x86, r-release-macos-arm64, r-release-macos-x86_64, r-oldrel-macos-x86_64