CRAN Package Check Results for Package spBFA

Last updated on 2023-02-06 23:55:59 CET.

Flavor Version Tinstall Tcheck Ttotal Status Flags
r-devel-linux-x86_64-debian-clang 1.2 268.95 93.60 362.55 OK
r-devel-linux-x86_64-debian-gcc 1.2 201.34 70.17 271.51 OK
r-devel-linux-x86_64-fedora-clang 1.2 505.02 OK
r-devel-linux-x86_64-fedora-gcc 1.2 483.89 OK
r-devel-windows-x86_64 1.2 191.00 140.00 331.00 OK
r-patched-linux-x86_64 1.2 210.66 87.12 297.78 OK
r-release-linux-x86_64 1.2 208.15 92.42 300.57 OK
r-release-macos-arm64 1.2 111.00 NOTE
r-release-macos-x86_64 1.2 142.00 NOTE
r-release-windows-x86_64 1.2 184.00 153.00 337.00 OK
r-oldrel-macos-arm64 1.2 105.00 NOTE
r-oldrel-macos-x86_64 1.2 140.00 NOTE
r-oldrel-windows-ix86+x86_64 1.2 606.00 155.00 761.00 NOTE

Check Details

Version: 1.2
Check: installed package size
Result: NOTE
     installed size is 13.8Mb
     sub-directories of 1Mb or more:
     data 3.1Mb
     libs 10.3Mb
Flavors: r-release-macos-arm64, r-release-macos-x86_64, r-oldrel-macos-arm64, r-oldrel-macos-x86_64, r-oldrel-windows-ix86+x86_64