CRAN Package Check Results for Package spAddins

Last updated on 2024-06-20 00:59:47 CEST.

Flavor Version Tinstall Tcheck Ttotal Status Flags
r-devel-linux-x86_64-debian-clang 0.2.0 2.55 28.42 30.97 NOTE
r-devel-linux-x86_64-debian-gcc 0.2.0 1.93 22.70 24.63 NOTE
r-devel-linux-x86_64-fedora-clang 0.2.0 40.99 NOTE
r-devel-linux-x86_64-fedora-gcc 0.2.0 51.87 NOTE
r-devel-windows-x86_64 0.2.0 3.00 47.00 50.00 NOTE
r-patched-linux-x86_64 0.2.0 2.01 27.98 29.99 NOTE
r-release-linux-x86_64 0.2.0 2.09 27.94 30.03 NOTE
r-release-macos-arm64 0.2.0 26.00 NOTE
r-release-macos-x86_64 0.2.0 34.00 NOTE
r-release-windows-x86_64 0.2.0 4.00 48.00 52.00 NOTE
r-oldrel-macos-arm64 0.2.0 23.00 NOTE
r-oldrel-macos-x86_64 0.2.0 31.00 NOTE
r-oldrel-windows-x86_64 0.2.0 4.00 47.00 51.00 NOTE

Check Details

Version: 0.2.0
Check: LazyData
Result: NOTE 'LazyData' is specified without a 'data' directory Flavors: r-devel-linux-x86_64-debian-clang, r-devel-linux-x86_64-debian-gcc, r-devel-linux-x86_64-fedora-clang, r-devel-linux-x86_64-fedora-gcc, r-devel-windows-x86_64, r-patched-linux-x86_64, r-release-linux-x86_64, r-release-macos-arm64, r-release-macos-x86_64, r-release-windows-x86_64, r-oldrel-macos-arm64, r-oldrel-macos-x86_64, r-oldrel-windows-x86_64

Version: 0.2.0
Check: Rd cross-references
Result: NOTE Undeclared package ‘rebus.base’ in Rd xrefs Flavor: r-devel-linux-x86_64-fedora-clang