CRAN Package Check Results for Package solrad

Last updated on 2022-09-27 23:55:47 CEST.

Flavor Version Tinstall Tcheck Ttotal Status Flags
r-devel-linux-x86_64-debian-clang 1.0.0 2.12 25.64 27.76 NOTE
r-devel-linux-x86_64-debian-gcc 1.0.0 2.03 20.29 22.32 NOTE
r-devel-linux-x86_64-fedora-clang 1.0.0 46.84 NOTE
r-devel-linux-x86_64-fedora-gcc 1.0.0 43.84 NOTE
r-devel-windows-x86_64 1.0.0 16.00 55.00 71.00 NOTE
r-patched-linux-x86_64 1.0.0 1.93 24.54 26.47 NOTE
r-release-linux-x86_64 1.0.0 2.40 23.90 26.30 NOTE
r-release-macos-arm64 1.0.0 14.00 NOTE
r-release-macos-x86_64 1.0.0 22.00 NOTE
r-release-windows-x86_64 1.0.0 16.00 59.00 75.00 NOTE
r-oldrel-macos-arm64 1.0.0 16.00 NOTE
r-oldrel-macos-x86_64 1.0.0 28.00 NOTE
r-oldrel-windows-ix86+x86_64 1.0.0 5.00 47.00 52.00 NOTE

Check Details

Version: 1.0.0
Check: LazyData
Result: NOTE
     'LazyData' is specified without a 'data' directory
Flavors: r-devel-linux-x86_64-debian-clang, r-devel-linux-x86_64-debian-gcc, r-devel-linux-x86_64-fedora-clang, r-devel-linux-x86_64-fedora-gcc, r-devel-windows-x86_64, r-patched-linux-x86_64, r-release-linux-x86_64, r-release-macos-arm64, r-release-macos-x86_64, r-release-windows-x86_64, r-oldrel-macos-arm64, r-oldrel-macos-x86_64, r-oldrel-windows-ix86+x86_64