CRAN Package Check Results for Package socialranking

Last updated on 2023-09-22 00:53:30 CEST.

Flavor Version Tinstall Tcheck Ttotal Status Flags
r-devel-linux-x86_64-debian-clang 1.0.1 4.97 71.14 76.11 OK
r-devel-linux-x86_64-debian-gcc 1.0.1 3.66 53.28 56.94 OK
r-devel-linux-x86_64-fedora-clang 1.0.1 87.05 NOTE
r-devel-linux-x86_64-fedora-gcc 1.0.1 100.32 OK
r-devel-windows-x86_64 1.0.1 6.00 92.00 98.00 OK
r-patched-linux-x86_64 1.0.1 6.33 67.29 73.62 OK
r-release-linux-x86_64 1.0.1 5.13 69.91 75.04 OK
r-release-macos-arm64 1.0.1 41.00 OK
r-release-macos-x86_64 1.0.1 61.00 OK
r-release-windows-x86_64 1.0.1 7.00 95.00 102.00 OK
r-oldrel-macos-arm64 1.0.1 46.00 ERROR
r-oldrel-macos-x86_64 1.0.1 51.00 ERROR
r-oldrel-windows-x86_64 1.0.1 6.00 91.00 97.00 OK

Check Details

Version: 1.0.1
Check: Rd cross-references
Result: NOTE
    Undeclared package ‘numbers’ in Rd xrefs
Flavor: r-devel-linux-x86_64-fedora-clang

Version: 1.0.1
Check: PDF version of manual
Result: WARN
    LaTeX errors when creating PDF version.
    This typically indicates Rd problems.
    LaTeX errors found:
    ! LaTeX Error: Environment aligned undefined.
    
    See the LaTeX manual or LaTeX Companion for explanation.
    Type H <return> for immediate help.
     ...
    ! Misplaced alignment tab character &.
    <argument> \begin {aligned} 2^N &
     = \lbrace 123, 12, 13, 23, 1, 2, 3, \empty...
    l.86 }{}
    
    ! Misplaced alignment tab character &.
    <argument> ... \emptyset \rbrace \\ \mathcal {P} &
     = \lbrace 12, 13, 1, 2 \rb...
    l.86 }{}
    
    ! Misplaced alignment tab character &.
    <argument> ...race \\ 2^N \setminus \mathcal {P} &
     = \lbrace 123, 23, 3, \emp...
    l.86 }{}
    
    ! LaTeX Error: \begin{list} on input line 65 ended by \end{aligned}.
    
    See the LaTeX manual or LaTeX Companion for explanation.
    Type H <return> for immediate help.
     ...
    ! LaTeX Error: Environment bmatrix undefined.
    
    See the LaTeX manual or LaTeX Companion for explanation.
    Type H <return> for immediate help.
     ...
    ! Misplaced alignment tab character &.
    <argument> M^\succeq _1 = \begin {bmatrix} 0 &
     1 & 0\\ 1 & 1 & 0\\ 1 & 0 & ...
    l.1301 }{}
    
    ! Misplaced alignment tab character &.
    <argument> ...succeq _1 = \begin {bmatrix} 0 & 1 &
     0\\ 1 & 1 & 0\\ 1 & 0 & 0...
    l.1301 }{}
    
    ! Misplaced alignment tab character &.
    <argument> ...1 = \begin {bmatrix} 0 & 1 & 0\\ 1 &
     1 & 0\\ 1 & 0 & 0 \end {b...
    l.1301 }{}
    
    ! Misplaced alignment tab character &.
    <argument> ...\begin {bmatrix} 0 & 1 & 0\\ 1 & 1 &
     0\\ 1 & 0 & 0 \end {bmatr...
    l.1301 }{}
    
    ! Misplaced alignment tab character &.
    <argument> ...bmatrix} 0 & 1 & 0\\ 1 & 1 & 0\\ 1 &
     0 & 0 \end {bmatrix} M^\s...
    l.1301 }{}
    
    ! Misplaced alignment tab character &.
    <argument> ...rix} 0 & 1 & 0\\ 1 & 1 & 0\\ 1 & 0 &
     0 \end {bmatrix} M^\succe...
    l.1301 }{}
    
    ! LaTeX Error: \begin{list} on input line 1270 ended by \end{bmatrix}.
    
    See the LaTeX manual or LaTeX Companion for explanation.
    Type H <return> for immediate help.
     ...
    ! LaTeX Error: Environment bmatrix undefined.
    
    See the LaTeX manual or LaTeX Companion for explanation.
    Type H <return> for immediate help.
     ...
    ! Misplaced alignment tab character &.
    <argument> ... M^\succeq _2 = \begin {bmatrix} 1 &
     0 & 0\\ 0 & 1 & 1\\ 1 & 0...
    l.1301 }{}
    
    ! Misplaced alignment tab character &.
    <argument> ...succeq _2 = \begin {bmatrix} 1 & 0 &
     0\\ 0 & 1 & 1\\ 1 & 0 & 0...
    l.1301 }{}
    
    ! Misplaced alignment tab character &.
    <argument> ...2 = \begin {bmatrix} 1 & 0 & 0\\ 0 &
     1 & 1\\ 1 & 0 & 0 \end {b...
    l.1301 }{}
    
    ! Misplaced alignment tab character &.
    <argument> ...\begin {bmatrix} 1 & 0 & 0\\ 0 & 1 &
     1\\ 1 & 0 & 0 \end {bmatr...
    l.1301 }{}
    
    ! Misplaced alignment tab character &.
    <argument> ...bmatrix} 1 & 0 & 0\\ 0 & 1 & 1\\ 1 &
     0 & 0 \end {bmatrix} M^\s...
    l.1301 }{}
    
    ! Misplaced alignment tab character &.
    <argument> ...rix} 1 & 0 & 0\\ 0 & 1 & 1\\ 1 & 0 &
     0 \end {bmatrix} M^\succe...
    l.1301 }{}
    
    ! LaTeX Error: \begin{list} on input line 1270 ended by \end{bmatrix}.
    
    See the LaTeX manual or LaTeX Companion for explanation.
    Type H <return> for immediate help.
     ...
    ! LaTeX Error: Environment bmatrix undefined.
    
    See the LaTeX manual or LaTeX Companion for explanation.
    Type H <return> for immediate help.
     ...
    ! Misplaced alignment tab character &.
    <argument> ... M^\succeq _3 = \begin {bmatrix} 0 &
     1 & 0\\ 1 & 0 & 1\\ 1 & 0...
    l.1301 }{}
    
    ! Misplaced alignment tab character &.
    <argument> ...succeq _3 = \begin {bmatrix} 0 & 1 &
     0\\ 1 & 0 & 1\\ 1 & 0 & 0...
    l.1301 }{}
    
    ! Misplaced alignment tab character &.
    <argument> ...3 = \begin {bmatrix} 0 & 1 & 0\\ 1 &
     0 & 1\\ 1 & 0 & 0 \end {b...
    l.1301 }{}
    
    ! Misplaced alignment tab character &.
    <argument> ...\begin {bmatrix} 0 & 1 & 0\\ 1 & 0 &
     1\\ 1 & 0 & 0 \end {bmatr...
    l.1301 }{}
    
    ! Misplaced alignment tab character &.
    <argument> ...bmatrix} 0 & 1 & 0\\ 1 & 0 & 1\\ 1 &
     0 & 0 \end {bmatrix}
    l.1301 }{}
    
    ! Misplaced alignment tab character &.
    <argument> ...rix} 0 & 1 & 0\\ 1 & 0 & 1\\ 1 & 0 &
     0 \end {bmatrix}
    l.1301 }{}
    
    ! LaTeX Error: \begin{list} on input line 1270 ended by \end{bmatrix}.
    
    See the LaTeX manual or LaTeX Companion for explanation.
    Type H <return> for immediate help.
     ...
    ! Undefined control sequence.
    <argument> ...1}{k!}\sum _{j=0}^{k} (-1)^j \binom
     {k}{j}(k-j)^n
    l.1937 ..._{j=0}^{k} (-1)^j \binom{k}{j}(k-j)^n}{}
Flavors: r-oldrel-macos-arm64, r-oldrel-macos-x86_64

Version: 1.0.1
Check: PDF version of manual without index
Result: ERROR
Flavors: r-oldrel-macos-arm64, r-oldrel-macos-x86_64