CRAN Package Check Results for Package snem

Last updated on 2021-12-01 23:51:51 CET.

Flavor Version Tinstall Tcheck Ttotal Status Flags
r-devel-linux-x86_64-debian-clang 0.1.1 2.08 22.28 24.36 NOTE
r-devel-linux-x86_64-debian-gcc 0.1.1 1.76 17.89 19.65 NOTE
r-devel-linux-x86_64-fedora-clang 0.1.1 40.39 NOTE
r-devel-linux-x86_64-fedora-gcc 0.1.1 29.25 NOTE
r-devel-windows-x86_64-new-UL 0.1.1 5.00 55.00 60.00 NOTE
r-devel-windows-x86_64-new-TK 0.1.1 NOTE
r-devel-windows-x86_64-old 0.1.1 5.00 31.00 36.00 NOTE
r-patched-linux-x86_64 0.1.1 1.93 21.19 23.12 NOTE
r-patched-solaris-x86 0.1.1 46.50 NOTE
r-release-linux-x86_64 0.1.1 1.77 21.13 22.90 NOTE
r-release-macos-arm64 0.1.1 NOTE
r-release-macos-x86_64 0.1.1 NOTE
r-release-windows-ix86+x86_64 0.1.1 5.00 39.00 44.00 NOTE
r-oldrel-macos-x86_64 0.1.1 OK
r-oldrel-windows-ix86+x86_64 0.1.1 16.00 43.00 59.00 OK

Check Details

Version: 0.1.1
Check: LazyData
Result: NOTE
     'LazyData' is specified without a 'data' directory
Flavors: r-devel-linux-x86_64-debian-clang, r-devel-linux-x86_64-debian-gcc, r-devel-linux-x86_64-fedora-clang, r-devel-linux-x86_64-fedora-gcc, r-devel-windows-x86_64-new-UL, r-devel-windows-x86_64-new-TK, r-devel-windows-x86_64-old, r-patched-linux-x86_64, r-patched-solaris-x86, r-release-linux-x86_64, r-release-macos-arm64, r-release-macos-x86_64, r-release-windows-ix86+x86_64