CRAN Package Check Results for Package smmR

Last updated on 2024-06-25 00:58:16 CEST.

Flavor Version Tinstall Tcheck Ttotal Status Flags
r-devel-linux-x86_64-debian-clang 1.0.3 66.73 108.10 174.83 NOTE
r-devel-linux-x86_64-debian-gcc 1.0.3 43.48 78.30 121.78 NOTE
r-devel-linux-x86_64-fedora-clang 1.0.3 215.18 NOTE
r-devel-linux-x86_64-fedora-gcc 1.0.3 239.16 NOTE
r-devel-windows-x86_64 1.0.3 46.00 114.00 160.00 NOTE
r-patched-linux-x86_64 1.0.3 52.42 107.30 159.72 NOTE
r-release-linux-x86_64 1.0.3 52.72 103.95 156.67 NOTE
r-release-macos-arm64 1.0.3 56.00 NOTE
r-release-macos-x86_64 1.0.3 81.00 NOTE
r-release-windows-x86_64 1.0.3 47.00 120.00 167.00 NOTE
r-oldrel-macos-arm64 1.0.3 60.00 NOTE
r-oldrel-macos-x86_64 1.0.3 100.00 NOTE
r-oldrel-windows-x86_64 1.0.3 57.00 133.00 190.00 NOTE

Check Details

Version: 1.0.3
Check: C++ specification
Result: NOTE Specified C++11: please drop specification unless essential Flavors: r-devel-linux-x86_64-debian-clang, r-devel-linux-x86_64-debian-gcc, r-devel-linux-x86_64-fedora-clang, r-devel-linux-x86_64-fedora-gcc, r-devel-windows-x86_64, r-patched-linux-x86_64, r-release-linux-x86_64, r-release-macos-arm64, r-release-macos-x86_64, r-release-windows-x86_64, r-oldrel-macos-arm64, r-oldrel-macos-x86_64, r-oldrel-windows-x86_64

Version: 1.0.3
Check: Rd files
Result: NOTE checkRd: (-1) getKernel.Rd:25-26: Lost braces in \itemize; \value handles \item{}{} directly checkRd: (-1) getKernel.Rd:27-28: Lost braces in \itemize; \value handles \item{}{} directly Flavors: r-devel-linux-x86_64-debian-clang, r-devel-linux-x86_64-debian-gcc, r-devel-linux-x86_64-fedora-clang, r-devel-linux-x86_64-fedora-gcc, r-devel-windows-x86_64, r-patched-linux-x86_64, r-release-linux-x86_64, r-release-macos-arm64, r-release-macos-x86_64, r-release-windows-x86_64

Version: 1.0.3
Check: installed package size
Result: NOTE installed size is 5.1Mb sub-directories of 1Mb or more: libs 4.2Mb Flavors: r-release-macos-arm64, r-release-macos-x86_64, r-oldrel-macos-arm64, r-oldrel-macos-x86_64