CRAN Package Check Results for Package slp

Last updated on 2021-10-19 23:53:11 CEST.

Flavor Version Tinstall Tcheck Ttotal Status Flags
r-devel-linux-x86_64-debian-clang 1.0-5 8.56 71.22 79.78 OK
r-devel-linux-x86_64-debian-gcc 1.0-5 7.14 55.92 63.06 OK
r-devel-linux-x86_64-fedora-clang 1.0-5 108.01 NOTE
r-devel-linux-x86_64-fedora-gcc 1.0-5 99.65 NOTE
r-devel-windows-x86_64 1.0-5 14.00 84.00 98.00 OK
r-devel-windows-x86_64-gcc10-UCRT 1.0-5 OK
r-patched-linux-x86_64 1.0-5 7.33 69.57 76.90 OK
r-patched-solaris-x86 1.0-5 155.00 OK
r-release-linux-x86_64 1.0-5 8.05 71.11 79.16 OK
r-release-macos-arm64 1.0-5 OK
r-release-macos-x86_64 1.0-5 OK
r-release-windows-ix86+x86_64 1.0-5 17.00 130.00 147.00 OK
r-oldrel-macos-x86_64 1.0-5 OK
r-oldrel-windows-ix86+x86_64 1.0-5 22.00 121.00 143.00 OK

Check Details

Version: 1.0-5
Check: compiled code
Result: NOTE
    File ‘slp/libs/slp.so’:
     Found no calls to: ‘R_registerRoutines’, ‘R_useDynamicSymbols’
    
    It is good practice to register native routines and to disable symbol
    search.
    
    See ‘Writing portable packages’ in the ‘Writing R Extensions’ manual.
Flavors: r-devel-linux-x86_64-fedora-clang, r-devel-linux-x86_64-fedora-gcc