CRAN Package Check Results for Package slm

Last updated on 2021-09-19 23:50:35 CEST.

Flavor Version Tinstall Tcheck Ttotal Status Flags
r-devel-linux-x86_64-debian-clang 1.2.0 3.75 50.42 54.17 OK
r-devel-linux-x86_64-debian-gcc 1.2.0 2.68 38.19 40.87 OK
r-devel-linux-x86_64-fedora-clang 1.2.0 73.14 OK
r-devel-linux-x86_64-fedora-gcc 1.2.0 65.23 OK
r-devel-windows-x86_64 1.2.0 5.00 57.00 62.00 OK
r-devel-windows-x86_64-gcc10-UCRT 1.2.0 ERROR
r-patched-linux-x86_64 1.2.0 3.25 48.79 52.04 OK
r-patched-solaris-x86 1.2.0 105.70 OK
r-release-linux-x86_64 1.2.0 3.36 48.02 51.38 OK
r-release-macos-arm64 1.2.0 OK
r-release-macos-x86_64 1.2.0 OK
r-release-windows-ix86+x86_64 1.2.0 6.00 55.00 61.00 OK
r-oldrel-macos-x86_64 1.2.0 OK
r-oldrel-windows-ix86+x86_64 1.2.0 6.00 50.00 56.00 OK

Check Details

Version: 1.2.0
Check: whether package can be installed
Result: WARN
    Found the following significant warnings:
     WARNING: installation-time patches will not be applied, could not get the patches index
Flavor: r-devel-windows-x86_64-gcc10-UCRT

Version: 1.2.0
Check: PDF version of manual
Result: WARN
    LaTeX errors when creating PDF version.
    This typically indicates Rd problems.
Flavor: r-devel-windows-x86_64-gcc10-UCRT

Version: 1.2.0
Check: PDF version of manual without hyperrefs or index
Result: ERROR
    Re-running with no redirection of stdout/stderr.
Flavor: r-devel-windows-x86_64-gcc10-UCRT