Last updated on 2025-01-16 00:49:43 CET.
Flavor | Version | Tinstall | Tcheck | Ttotal | Status | Flags |
---|---|---|---|---|---|---|
r-devel-linux-x86_64-debian-clang | 0.3.1 | 2.24 | 47.72 | 49.96 | OK | |
r-devel-linux-x86_64-debian-gcc | 0.3.1 | 1.48 | 33.71 | 35.19 | OK | |
r-devel-linux-x86_64-fedora-clang | 0.3.1 | 80.30 | OK | |||
r-devel-linux-x86_64-fedora-gcc | 0.3.1 | 91.27 | OK | |||
r-devel-windows-x86_64 | 0.3.1 | 4.00 | 69.00 | 73.00 | OK | |
r-patched-linux-x86_64 | 0.3.1 | 2.12 | 43.42 | 45.54 | NOTE | |
r-release-linux-x86_64 | 0.3.1 | 2.16 | 43.96 | 46.12 | NOTE | |
r-release-macos-arm64 | 0.3.1 | 36.00 | NOTE | |||
r-release-macos-x86_64 | 0.3.1 | 51.00 | NOTE | |||
r-release-windows-x86_64 | 0.3.1 | 3.00 | 71.00 | 74.00 | NOTE | |
r-oldrel-macos-arm64 | 0.3.1 | 35.00 | NOTE | |||
r-oldrel-macos-x86_64 | 0.3.1 | 52.00 | NOTE | |||
r-oldrel-windows-x86_64 | 0.3.1 | 4.00 | 76.00 | 80.00 | NOTE |
Version: 0.3.1
Check: LazyData
Result: NOTE
'LazyData' is specified without a 'data' directory
Flavors: r-patched-linux-x86_64, r-release-linux-x86_64, r-release-macos-arm64, r-release-macos-x86_64, r-release-windows-x86_64, r-oldrel-macos-arm64, r-oldrel-macos-x86_64, r-oldrel-windows-x86_64