CRAN Package Check Results for Package slickR

Last updated on 2021-09-26 23:49:52 CEST.

Flavor Version Tinstall Tcheck Ttotal Status Flags
r-devel-linux-x86_64-debian-clang 0.5.0 3.55 49.43 52.98 OK
r-devel-linux-x86_64-debian-gcc 0.5.0 2.52 39.72 42.24 OK
r-devel-linux-x86_64-fedora-clang 0.5.0 75.02 OK
r-devel-linux-x86_64-fedora-gcc 0.5.0 67.01 OK
r-devel-windows-x86_64 0.5.0 4.00 64.00 68.00 OK
r-devel-windows-x86_64-gcc10-UCRT 0.5.0 OK
r-patched-linux-x86_64 0.5.0 3.28 52.12 55.40 OK
r-patched-solaris-x86 0.5.0 88.80 WARN
r-release-linux-x86_64 0.5.0 3.39 52.74 56.13 OK
r-release-macos-arm64 0.5.0 WARN
r-release-macos-x86_64 0.5.0 WARN
r-release-windows-ix86+x86_64 0.5.0 9.00 60.00 69.00 OK
r-oldrel-macos-x86_64 0.5.0 WARN
r-oldrel-windows-ix86+x86_64 0.5.0 6.00 61.00 67.00 OK

Check Details

Version: 0.5.0
Check: re-building of vignette outputs
Result: WARN
    Error(s) in re-building vignettes:
     ...
    --- re-building ‘basics.Rmd’ using rmarkdown
    Pandoc is required to build R Markdown vignettes but not available. Please make sure it is installed.
    Quitting from lines 29-32 (basics.Rmd)
    Error: processing vignette 'basics.Rmd' failed with diagnostics:
    there is no package called 'webshot'
    --- failed re-building ‘basics.Rmd’
    
    --- re-building ‘doms.Rmd’ using rmarkdown
    Pandoc is required to build R Markdown vignettes but not available. Please make sure it is installed.
    Quitting from lines 34-35 (doms.Rmd)
    Error: processing vignette 'doms.Rmd' failed with diagnostics:
    there is no package called 'webshot'
    --- failed re-building ‘doms.Rmd’
    
    --- re-building ‘iframes.Rmd’ using rmarkdown
    Pandoc is required to build R Markdown vignettes but not available. Please make sure it is installed.
    Quitting from lines 75-83 (iframes.Rmd)
    Error: processing vignette 'iframes.Rmd' failed with diagnostics:
    there is no package called 'webshot'
    --- failed re-building ‘iframes.Rmd’
    
    --- re-building ‘pdfs.Rmd’ using rmarkdown
    Pandoc is required to build R Markdown vignettes but not available. Please make sure it is installed.
    Quitting from lines 39-40 (pdfs.Rmd)
    Error: processing vignette 'pdfs.Rmd' failed with diagnostics:
    there is no package called 'webshot'
    --- failed re-building ‘pdfs.Rmd’
    
    --- re-building ‘plots.Rmd’ using rmarkdown
    Pandoc is required to build R Markdown vignettes but not available. Please make sure it is installed.
    --- finished re-building ‘plots.Rmd’
    
    --- re-building ‘shiny.Rmd’ using rmarkdown
    Pandoc is required to build R Markdown vignettes but not available. Please make sure it is installed.
    --- finished re-building ‘shiny.Rmd’
    
    --- re-building ‘tests_and_coverage.Rmd’ using rmarkdown
    Pandoc is required to build R Markdown vignettes but not available. Please make sure it is installed.
    --- finished re-building ‘tests_and_coverage.Rmd’
    
    SUMMARY: processing the following files failed:
     ‘basics.Rmd’ ‘doms.Rmd’ ‘iframes.Rmd’ ‘pdfs.Rmd’
    
    Error: Vignette re-building failed.
    Execution halted
Flavor: r-patched-solaris-x86

Version: 0.5.0
Check: re-building of vignette outputs
Result: WARN
    Error(s) in re-building vignettes:
    --- re-building ‘basics.Rmd’ using rmarkdown
    Pandoc is required to build R Markdown vignettes but not available. Please make sure it is installed.
    --- finished re-building ‘basics.Rmd’
    
    --- re-building ‘doms.Rmd’ using rmarkdown
    Pandoc is required to build R Markdown vignettes but not available. Please make sure it is installed.
    Quitting from lines 82-91 (doms.Rmd)
    Error: processing vignette 'doms.Rmd' failed with diagnostics:
    Saving a widget with selfcontained = TRUE requires pandoc. For details see:
    https://github.com/rstudio/rmarkdown/blob/master/PANDOC.md
    --- failed re-building ‘doms.Rmd’
    
    --- re-building ‘iframes.Rmd’ using rmarkdown
    Pandoc is required to build R Markdown vignettes but not available. Please make sure it is installed.
    Quitting from lines 75-83 (iframes.Rmd)
    Error: processing vignette 'iframes.Rmd' failed with diagnostics:
    webshot.js returned failure value: 1
    --- failed re-building ‘iframes.Rmd’
    
    --- re-building ‘pdfs.Rmd’ using rmarkdown
    Pandoc is required to build R Markdown vignettes but not available. Please make sure it is installed.
    --- finished re-building ‘pdfs.Rmd’
    
    --- re-building ‘plots.Rmd’ using rmarkdown
    Pandoc is required to build R Markdown vignettes but not available. Please make sure it is installed.
    --- finished re-building ‘plots.Rmd’
    
    --- re-building ‘shiny.Rmd’ using rmarkdown
    Pandoc is required to build R Markdown vignettes but not available. Please make sure it is installed.
    --- finished re-building ‘shiny.Rmd’
    
    --- re-building ‘tests_and_coverage.Rmd’ using rmarkdown
    Pandoc is required to build R Markdown vignettes but not available. Please make sure it is installed.
    --- finished re-building ‘tests_and_coverage.Rmd’
    
    SUMMARY: processing the following files failed:
     ‘doms.Rmd’ ‘iframes.Rmd’
    
    Error: Vignette re-building failed.
    Execution halted
Flavor: r-release-macos-arm64

Version: 0.5.0
Check: re-building of vignette outputs
Result: WARN
    Error(s) in re-building vignettes:
    --- re-building ‘basics.Rmd’ using rmarkdown
    Warning in engine$weave(file, quiet = quiet, encoding = enc) :
     Pandoc (>= 1.12.3) not available. Falling back to R Markdown v1.
    Quitting from lines 29-32 (basics.Rmd)
    Error: processing vignette 'basics.Rmd' failed with diagnostics:
    invalid 'path' argument
    --- failed re-building ‘basics.Rmd’
    
    --- re-building ‘doms.Rmd’ using rmarkdown
    Warning in engine$weave(file, quiet = quiet, encoding = enc) :
     Pandoc (>= 1.12.3) not available. Falling back to R Markdown v1.
    Quitting from lines 34-35 (doms.Rmd)
    Error: processing vignette 'doms.Rmd' failed with diagnostics:
    invalid 'path' argument
    --- failed re-building ‘doms.Rmd’
    
    --- re-building ‘iframes.Rmd’ using rmarkdown
    Warning in engine$weave(file, quiet = quiet, encoding = enc) :
     Pandoc (>= 1.12.3) not available. Falling back to R Markdown v1.
    Quitting from lines 75-83 (iframes.Rmd)
    Error: processing vignette 'iframes.Rmd' failed with diagnostics:
    invalid 'path' argument
    --- failed re-building ‘iframes.Rmd’
    
    --- re-building ‘pdfs.Rmd’ using rmarkdown
    Warning in engine$weave(file, quiet = quiet, encoding = enc) :
     Pandoc (>= 1.12.3) not available. Falling back to R Markdown v1.
    Quitting from lines 39-40 (pdfs.Rmd)
    Error: processing vignette 'pdfs.Rmd' failed with diagnostics:
    invalid 'path' argument
    --- failed re-building ‘pdfs.Rmd’
    
    --- re-building ‘plots.Rmd’ using rmarkdown
    Warning in engine$weave(file, quiet = quiet, encoding = enc) :
     Pandoc (>= 1.12.3) not available. Falling back to R Markdown v1.
    --- finished re-building ‘plots.Rmd’
    
    --- re-building ‘shiny.Rmd’ using rmarkdown
    Warning in engine$weave(file, quiet = quiet, encoding = enc) :
     Pandoc (>= 1.12.3) not available. Falling back to R Markdown v1.
    --- finished re-building ‘shiny.Rmd’
    
    --- re-building ‘tests_and_coverage.Rmd’ using rmarkdown
    Warning in engine$weave(file, quiet = quiet, encoding = enc) :
     Pandoc (>= 1.12.3) not available. Falling back to R Markdown v1.
    --- finished re-building ‘tests_and_coverage.Rmd’
    
    SUMMARY: processing the following files failed:
     ‘basics.Rmd’ ‘doms.Rmd’ ‘iframes.Rmd’ ‘pdfs.Rmd’
    
    Error: Vignette re-building failed.
    Execution halted
Flavor: r-release-macos-x86_64

Version: 0.5.0
Check: re-building of vignette outputs
Result: WARN
    Error(s) in re-building vignettes:
    --- re-building ‘basics.Rmd’ using rmarkdown
    Warning in engine$weave(file, quiet = quiet, encoding = enc) :
     Pandoc (>= 1.12.3) and/or pandoc-citeproc not available. Falling back to R Markdown v1.
    Quitting from lines 29-32 (basics.Rmd)
    Error: processing vignette 'basics.Rmd' failed with diagnostics:
    cannot open the connection
    --- failed re-building ‘basics.Rmd’
    
    --- re-building ‘doms.Rmd’ using rmarkdown
    Warning in engine$weave(file, quiet = quiet, encoding = enc) :
     Pandoc (>= 1.12.3) and/or pandoc-citeproc not available. Falling back to R Markdown v1.
    Quitting from lines 34-35 (doms.Rmd)
    Error: processing vignette 'doms.Rmd' failed with diagnostics:
    cannot open the connection
    --- failed re-building ‘doms.Rmd’
    
    --- re-building ‘iframes.Rmd’ using rmarkdown
    Warning in engine$weave(file, quiet = quiet, encoding = enc) :
     Pandoc (>= 1.12.3) and/or pandoc-citeproc not available. Falling back to R Markdown v1.
    Quitting from lines 75-83 (iframes.Rmd)
    Error: processing vignette 'iframes.Rmd' failed with diagnostics:
    cannot open the connection
    --- failed re-building ‘iframes.Rmd’
    
    --- re-building ‘pdfs.Rmd’ using rmarkdown
    Warning in engine$weave(file, quiet = quiet, encoding = enc) :
     Pandoc (>= 1.12.3) and/or pandoc-citeproc not available. Falling back to R Markdown v1.
    Quitting from lines 39-40 (pdfs.Rmd)
    Error: processing vignette 'pdfs.Rmd' failed with diagnostics:
    cannot open the connection
    --- failed re-building ‘pdfs.Rmd’
    
    --- re-building ‘plots.Rmd’ using rmarkdown
    Warning in engine$weave(file, quiet = quiet, encoding = enc) :
     Pandoc (>= 1.12.3) and/or pandoc-citeproc not available. Falling back to R Markdown v1.
    --- finished re-building ‘plots.Rmd’
    
    --- re-building ‘shiny.Rmd’ using rmarkdown
    Warning in engine$weave(file, quiet = quiet, encoding = enc) :
     Pandoc (>= 1.12.3) and/or pandoc-citeproc not available. Falling back to R Markdown v1.
    --- finished re-building ‘shiny.Rmd’
    
    --- re-building ‘tests_and_coverage.Rmd’ using rmarkdown
    Warning in engine$weave(file, quiet = quiet, encoding = enc) :
     Pandoc (>= 1.12.3) and/or pandoc-citeproc not available. Falling back to R Markdown v1.
    --- finished re-building ‘tests_and_coverage.Rmd’
    
    SUMMARY: processing the following files failed:
     ‘basics.Rmd’ ‘doms.Rmd’ ‘iframes.Rmd’ ‘pdfs.Rmd’
    
    Error: Vignette re-building failed.
    Execution halted
Flavor: r-oldrel-macos-x86_64