CRAN Package Check Results for Package skater

Last updated on 2024-06-13 00:55:32 CEST.

Flavor Version Tinstall Tcheck Ttotal Status Flags
r-devel-linux-x86_64-debian-clang 0.1.2 4.59 62.66 67.25 OK
r-devel-linux-x86_64-debian-gcc 0.1.2 0.39 1.83 2.22 ERROR
r-devel-linux-x86_64-fedora-clang 0.1.2 83.85 OK
r-devel-linux-x86_64-fedora-gcc 0.1.2 92.31 OK
r-devel-windows-x86_64 0.1.2 5.00 71.00 76.00 OK
r-patched-linux-x86_64 0.1.2 4.32 61.99 66.31 OK
r-release-linux-x86_64 0.1.2 2.63 61.02 63.65 OK
r-release-macos-arm64 0.1.2 33.00 OK
r-release-macos-x86_64 0.1.2 59.00 OK
r-release-windows-x86_64 0.1.2 6.00 76.00 82.00 OK
r-oldrel-macos-arm64 0.1.2 35.00 OK
r-oldrel-macos-x86_64 0.1.2 51.00 OK
r-oldrel-windows-x86_64 0.1.2 7.00 80.00 87.00 OK

Check Details

Version: 0.1.2
Check: package dependencies
Result: ERROR Packages required but not available: 'dplyr', 'tidyr', 'readr', 'purrr', 'corrr', 'tibble' Package suggested but not available for checking: ‘testthat’ See section ‘The DESCRIPTION file’ in the ‘Writing R Extensions’ manual. Flavor: r-devel-linux-x86_64-debian-gcc