CRAN Package Check Results for Package sjstats

Last updated on 2024-05-19 00:52:30 CEST.

Flavor Version Tinstall Tcheck Ttotal Status Flags
r-devel-linux-x86_64-debian-clang 0.19.0 7.31 93.05 100.36 OK
r-devel-linux-x86_64-debian-gcc 0.19.0 5.47 68.98 74.45 OK
r-devel-linux-x86_64-fedora-clang 0.19.0 130.47 NOTE
r-devel-linux-x86_64-fedora-gcc 0.19.0 122.83 OK
r-devel-windows-x86_64 0.19.0 6.00 96.00 102.00 OK
r-patched-linux-x86_64 0.19.0 7.80 92.68 100.48 OK
r-release-linux-x86_64 0.18.2 11.18 171.57 182.75 OK
r-release-macos-arm64 0.19.0 34.00 OK
r-release-macos-x86_64 0.19.0 85.00 OK
r-release-windows-x86_64 0.19.0 5.00 96.00 101.00 OK
r-oldrel-macos-arm64 0.19.0 34.00 OK
r-oldrel-macos-x86_64 0.19.0 66.00 OK
r-oldrel-windows-x86_64 0.19.0 8.00 114.00 122.00 OK

Check Details

Version: 0.19.0
Check: Rd cross-references
Result: NOTE Undeclared package ‘modelr’ in Rd xrefs Flavor: r-devel-linux-x86_64-fedora-clang