CRAN Package Check Results for Package sismonr

Last updated on 2021-12-03 23:50:13 CET.

Flavor Version Tinstall Tcheck Ttotal Status Flags
r-devel-linux-x86_64-debian-clang 2.1.0 9.20 74.14 83.34 NOTE
r-devel-linux-x86_64-debian-gcc 2.1.0 6.71 55.26 61.97 NOTE
r-devel-linux-x86_64-fedora-clang 2.1.0 109.81 NOTE
r-devel-linux-x86_64-fedora-gcc 2.1.0 95.65 NOTE
r-devel-windows-x86_64-new-UL 2.1.0 22.00 141.00 163.00 NOTE
r-devel-windows-x86_64-new-TK 2.1.0 NOTE
r-devel-windows-x86_64-old 2.1.0 15.00 103.00 118.00 NOTE
r-patched-linux-x86_64 2.1.0 8.41 68.22 76.63 NOTE
r-release-linux-x86_64 2.1.0 8.14 68.25 76.39 NOTE
r-release-macos-arm64 2.1.0 NOTE
r-release-macos-x86_64 2.1.0 NOTE
r-release-windows-ix86+x86_64 2.1.0 23.00 144.00 167.00 NOTE
r-oldrel-macos-x86_64 2.1.0 OK
r-oldrel-windows-ix86+x86_64 2.1.0 25.00 143.00 168.00 OK

Check Details

Version: 2.1.0
Check: LazyData
Result: NOTE
     'LazyData' is specified without a 'data' directory
Flavors: r-devel-linux-x86_64-debian-clang, r-devel-linux-x86_64-debian-gcc, r-devel-linux-x86_64-fedora-clang, r-devel-linux-x86_64-fedora-gcc, r-devel-windows-x86_64-new-UL, r-devel-windows-x86_64-new-TK, r-devel-windows-x86_64-old, r-patched-linux-x86_64, r-release-linux-x86_64, r-release-macos-arm64, r-release-macos-x86_64, r-release-windows-ix86+x86_64