Last updated on 2023-05-29 00:59:45 CEST.
Flavor | Version | Tinstall | Tcheck | Ttotal | Status | Flags |
---|---|---|---|---|---|---|
r-devel-linux-x86_64-debian-clang | 0.1.0 | 9.62 | 63.40 | 73.02 | NOTE | |
r-devel-linux-x86_64-debian-gcc | 0.1.0 | 7.28 | 47.75 | 55.03 | NOTE | |
r-devel-linux-x86_64-fedora-clang | 0.1.0 | 94.80 | NOTE | |||
r-devel-linux-x86_64-fedora-gcc | 0.1.0 | 97.96 | NOTE | |||
r-devel-windows-x86_64 | 0.1.0 | 13.00 | 73.00 | 86.00 | NOTE | |
r-patched-linux-x86_64 | 0.1.0 | 7.70 | 59.46 | 67.16 | NOTE | |
r-release-linux-x86_64 | 0.1.0 | 6.44 | 59.98 | 66.42 | NOTE | |
r-release-macos-arm64 | 0.1.0 | 39.00 | NOTE | |||
r-release-macos-x86_64 | 0.1.0 | 59.00 | NOTE | |||
r-release-windows-x86_64 | 0.1.0 | 15.00 | 82.00 | 97.00 | NOTE | |
r-oldrel-macos-arm64 | 0.1.0 | 30.00 | NOTE | |||
r-oldrel-macos-x86_64 | 0.1.0 | 58.00 | NOTE | |||
r-oldrel-windows-x86_64 | 0.1.0 | 14.00 | 86.00 | 100.00 | OK |
Version: 0.1.0
Check: C++ specification
Result: NOTE
Specified C++11: please drop specification unless essential
Flavors: r-devel-linux-x86_64-debian-clang, r-devel-linux-x86_64-debian-gcc, r-devel-linux-x86_64-fedora-clang, r-devel-linux-x86_64-fedora-gcc, r-devel-windows-x86_64, r-patched-linux-x86_64, r-release-linux-x86_64, r-release-macos-arm64, r-release-macos-x86_64, r-release-windows-x86_64
Version: 0.1.0
Check: data for non-ASCII characters
Result: NOTE
Note: found 1231 marked UTF-8 strings
Flavors: r-devel-linux-x86_64-fedora-clang, r-devel-linux-x86_64-fedora-gcc, r-oldrel-macos-arm64, r-oldrel-macos-x86_64