CRAN Package Check Results for Package shortcuts

Last updated on 2024-06-21 00:57:23 CEST.

Flavor Version Tinstall Tcheck Ttotal Status Flags
r-devel-linux-x86_64-debian-clang 1.4.0 2.42 21.44 23.86 NOTE
r-devel-linux-x86_64-debian-gcc 1.4.0 1.96 16.63 18.59 NOTE
r-devel-linux-x86_64-fedora-clang 1.4.0 30.31 NOTE
r-devel-linux-x86_64-fedora-gcc 1.4.0 28.45 NOTE
r-devel-windows-x86_64 1.4.0 4.00 38.00 42.00 NOTE
r-patched-linux-x86_64 1.4.0 2.16 21.12 23.28 NOTE
r-release-linux-x86_64 1.4.0 2.08 20.50 22.58 NOTE
r-release-macos-arm64 1.4.0 15.00 NOTE
r-release-macos-x86_64 1.4.0 20.00 NOTE
r-release-windows-x86_64 1.4.0 3.00 39.00 42.00 NOTE
r-oldrel-macos-arm64 1.4.0 16.00 NOTE
r-oldrel-macos-x86_64 1.4.0 20.00 NOTE
r-oldrel-windows-x86_64 1.4.0 3.00 40.00 43.00 NOTE

Check Details

Version: 1.4.0
Check: LazyData
Result: NOTE 'LazyData' is specified without a 'data' directory Flavors: r-devel-linux-x86_64-debian-clang, r-devel-linux-x86_64-debian-gcc, r-devel-linux-x86_64-fedora-clang, r-devel-linux-x86_64-fedora-gcc, r-devel-windows-x86_64, r-patched-linux-x86_64, r-release-linux-x86_64, r-release-macos-arm64, r-release-macos-x86_64, r-release-windows-x86_64, r-oldrel-macos-arm64, r-oldrel-macos-x86_64, r-oldrel-windows-x86_64