CRAN Package Check Results for Package shinymaterial

Last updated on 2023-10-04 00:58:37 CEST.

Flavor Version Tinstall Tcheck Ttotal Status Flags
r-devel-linux-x86_64-debian-clang 1.2.0 3.13 31.78 34.91 NOTE
r-devel-linux-x86_64-debian-gcc 1.2.0 2.93 24.92 27.85 NOTE
r-devel-linux-x86_64-fedora-clang 1.2.0 45.07 NOTE
r-devel-linux-x86_64-fedora-gcc 1.2.0 44.18 NOTE
r-devel-windows-x86_64 1.2.0 5.00 56.00 61.00 NOTE
r-patched-linux-x86_64 1.2.0 3.48 31.63 35.11 NOTE
r-release-linux-x86_64 1.2.0 4.02 31.76 35.78 NOTE
r-release-macos-arm64 1.2.0 20.00 NOTE
r-release-macos-x86_64 1.2.0 28.00 NOTE
r-release-windows-x86_64 1.2.0 8.00 57.00 65.00 NOTE
r-oldrel-macos-arm64 1.2.0 19.00 NOTE
r-oldrel-macos-x86_64 1.2.0 27.00 NOTE
r-oldrel-windows-x86_64 1.2.0 8.00 53.00 61.00 NOTE

Check Details

Version: 1.2.0
Check: LazyData
Result: NOTE
     'LazyData' is specified without a 'data' directory
Flavors: r-devel-linux-x86_64-debian-clang, r-devel-linux-x86_64-debian-gcc, r-devel-linux-x86_64-fedora-clang, r-devel-linux-x86_64-fedora-gcc, r-devel-windows-x86_64, r-patched-linux-x86_64, r-release-linux-x86_64, r-release-macos-arm64, r-release-macos-x86_64, r-release-windows-x86_64, r-oldrel-macos-arm64, r-oldrel-macos-x86_64, r-oldrel-windows-x86_64