CRAN Package Check Results for Package shinyjqui

Last updated on 2021-09-27 23:50:54 CEST.

Flavor Version Tinstall Tcheck Ttotal Status Flags
r-devel-linux-x86_64-debian-clang 0.4.0 3.99 43.56 47.55 NOTE
r-devel-linux-x86_64-debian-gcc 0.4.0 3.35 34.19 37.54 NOTE
r-devel-linux-x86_64-fedora-clang 0.4.0 65.72 NOTE
r-devel-linux-x86_64-fedora-gcc 0.4.0 54.82 NOTE
r-devel-windows-x86_64 0.4.0 6.00 57.00 63.00 NOTE
r-devel-windows-x86_64-gcc10-UCRT 0.4.0 NOTE
r-patched-linux-x86_64 0.4.0 5.05 44.02 49.07 NOTE
r-patched-solaris-x86 0.4.0 84.90 NOTE
r-release-linux-x86_64 0.4.0 4.42 43.83 48.25 NOTE
r-release-macos-arm64 0.4.0 NOTE
r-release-macos-x86_64 0.4.0 NOTE
r-release-windows-ix86+x86_64 0.4.0 10.00 55.00 65.00 NOTE
r-oldrel-macos-x86_64 0.4.0 OK
r-oldrel-windows-ix86+x86_64 0.4.0 8.00 58.00 66.00 OK

Check Details

Version: 0.4.0
Check: LazyData
Result: NOTE
     'LazyData' is specified without a 'data' directory
Flavors: r-devel-linux-x86_64-debian-clang, r-devel-linux-x86_64-debian-gcc, r-devel-linux-x86_64-fedora-clang, r-devel-linux-x86_64-fedora-gcc, r-devel-windows-x86_64, r-devel-windows-x86_64-gcc10-UCRT, r-patched-linux-x86_64, r-patched-solaris-x86, r-release-linux-x86_64, r-release-macos-arm64, r-release-macos-x86_64, r-release-windows-ix86+x86_64