CRAN Package Check Results for Package shinyTime

Last updated on 2022-01-19 23:49:12 CET.

Flavor Version Tinstall Tcheck Ttotal Status Flags
r-devel-linux-x86_64-debian-clang 1.0.1 NOTE
r-devel-linux-x86_64-debian-gcc 1.0.1 2.77 33.16 35.93 NOTE
r-devel-linux-x86_64-fedora-clang 1.0.1 55.65 NOTE
r-devel-linux-x86_64-fedora-gcc 1.0.1 44.49 NOTE
r-devel-windows-x86_64-new-UL 1.0.1 32.00 64.00 96.00 NOTE
r-devel-windows-x86_64-new-TK NOTE
r-patched-linux-x86_64 1.0.1 2.78 41.31 44.09 NOTE
r-release-linux-x86_64 1.0.1 NOTE
r-release-macos-arm64 1.0.1 NOTE
r-release-macos-x86_64 1.0.1 NOTE
r-release-windows-ix86+x86_64 1.0.1 11.00 55.00 66.00 NOTE
r-oldrel-macos-x86_64 1.0.1 OK
r-oldrel-windows-ix86+x86_64 1.0.1 8.00 53.00 61.00 OK

Check Details

Version: 1.0.1
Check: LazyData
Result: NOTE
     'LazyData' is specified without a 'data' directory
Flavors: r-devel-linux-x86_64-debian-clang, r-devel-linux-x86_64-debian-gcc, r-devel-linux-x86_64-fedora-clang, r-devel-linux-x86_64-fedora-gcc, r-devel-windows-x86_64-new-UL, r-devel-windows-x86_64-new-TK, r-patched-linux-x86_64, r-release-linux-x86_64, r-release-macos-arm64, r-release-macos-x86_64, r-release-windows-ix86+x86_64