CRAN Package Check Results for Package shinyLP

Last updated on 2022-05-17 23:56:46 CEST.

Flavor Version Tinstall Tcheck Ttotal Status Flags
r-devel-linux-x86_64-debian-clang 1.1.2 3.01 46.78 49.79 NOTE
r-devel-linux-x86_64-debian-gcc 1.1.2 2.95 35.85 38.80 NOTE
r-devel-linux-x86_64-fedora-clang 1.1.2 59.93 NOTE
r-devel-linux-x86_64-fedora-gcc 1.1.2 58.50 NOTE
r-devel-windows-x86_64 1.1.2 26.00 64.00 90.00 NOTE
r-patched-linux-x86_64 1.1.2 3.41 45.61 49.02 NOTE
r-release-linux-x86_64 1.1.2 2.47 44.62 47.09 NOTE
r-release-macos-arm64 1.1.2 19.00 NOTE
r-release-macos-x86_64 1.1.2 37.00 NOTE
r-release-windows-x86_64 1.1.2 21.00 66.00 87.00 NOTE
r-oldrel-macos-arm64 1.1.2 23.00 NOTE
r-oldrel-macos-x86_64 1.1.2 33.00 NOTE
r-oldrel-windows-ix86+x86_64 1.1.2 10.00 55.00 65.00 NOTE

Check Details

Version: 1.1.2
Check: LazyData
Result: NOTE
     'LazyData' is specified without a 'data' directory
Flavors: r-devel-linux-x86_64-debian-clang, r-devel-linux-x86_64-debian-gcc, r-devel-linux-x86_64-fedora-clang, r-devel-linux-x86_64-fedora-gcc, r-devel-windows-x86_64, r-patched-linux-x86_64, r-release-linux-x86_64, r-release-macos-arm64, r-release-macos-x86_64, r-release-windows-x86_64, r-oldrel-macos-arm64, r-oldrel-macos-x86_64, r-oldrel-windows-ix86+x86_64