CRAN Package Check Results for Package shinyCohortBuilder

Last updated on 2024-07-13 00:55:38 CEST.

Flavor Version Tinstall Tcheck Ttotal Status Flags
r-devel-linux-x86_64-debian-clang 0.2.1 7.59 74.30 81.89 NOTE
r-devel-linux-x86_64-debian-gcc 0.2.1 6.62 56.84 63.46 NOTE
r-devel-linux-x86_64-fedora-clang 0.2.1 111.82 NOTE
r-devel-linux-x86_64-fedora-gcc 0.2.1 111.60 NOTE
r-devel-windows-x86_64 0.2.1 9.00 81.00 90.00 NOTE
r-patched-linux-x86_64 0.2.1 14.00 70.30 84.30 NOTE
r-release-linux-x86_64 0.2.1 4.94 72.95 77.89 NOTE
r-release-macos-arm64 0.2.1 43.00 NOTE
r-release-macos-x86_64 0.2.1 63.00 NOTE
r-release-windows-x86_64 0.2.1 9.00 80.00 89.00 NOTE
r-oldrel-macos-arm64 0.2.1 45.00 OK
r-oldrel-macos-x86_64 0.2.1 88.00 OK
r-oldrel-windows-x86_64 0.2.1 10.00 94.00 104.00 OK

Check Details

Version: 0.2.1
Check: Rd files
Result: NOTE checkRd: (-1) gui-filter-layer.Rd:40: Lost braces in \itemize; meant \describe ? checkRd: (-1) gui-filter-layer.Rd:41: Lost braces in \itemize; meant \describe ? checkRd: (-1) gui-filter-layer.Rd:42: Lost braces in \itemize; meant \describe ? checkRd: (-1) gui-filter-layer.Rd:43: Lost braces in \itemize; meant \describe ? checkRd: (-1) gui-filter-layer.Rd:44-45: Lost braces in \itemize; meant \describe ? checkRd: (-1) gui-filter-layer.Rd:46-49: Lost braces in \itemize; meant \describe ? checkRd: (-1) rendering-step-attrition.Rd:34: Lost braces in \itemize; meant \describe ? checkRd: (-1) rendering-step-attrition.Rd:35: Lost braces in \itemize; meant \describe ? checkRd: (-1) source-gui-layer.Rd:22: Lost braces in \itemize; meant \describe ? checkRd: (-1) source-gui-layer.Rd:23: Lost braces in \itemize; meant \describe ? checkRd: (-1) source-gui-layer.Rd:24: Lost braces in \itemize; meant \describe ? checkRd: (-1) source-gui-layer.Rd:25: Lost braces in \itemize; meant \describe ? checkRd: (-1) source-gui-layer.Rd:26: Lost braces in \itemize; meant \describe ? checkRd: (-1) source-gui-layer.Rd:27: Lost braces in \itemize; meant \describe ? checkRd: (-1) trigger-action.Rd:37: Lost braces in \itemize; meant \describe ? checkRd: (-1) trigger-action.Rd:38: Lost braces in \itemize; meant \describe ? checkRd: (-1) trigger-action.Rd:39: Lost braces in \itemize; meant \describe ? checkRd: (-1) trigger-action.Rd:40: Lost braces in \itemize; meant \describe ? checkRd: (-1) trigger-action.Rd:41: Lost braces in \itemize; meant \describe ? checkRd: (-1) trigger-action.Rd:42: Lost braces in \itemize; meant \describe ? checkRd: (-1) trigger-action.Rd:43: Lost braces in \itemize; meant \describe ? checkRd: (-1) trigger-action.Rd:44: Lost braces in \itemize; meant \describe ? checkRd: (-1) trigger-action.Rd:45: Lost braces in \itemize; meant \describe ? checkRd: (-1) trigger-action.Rd:46: Lost braces in \itemize; meant \describe ? checkRd: (-1) trigger-action.Rd:47: Lost braces in \itemize; meant \describe ? checkRd: (-1) trigger-action.Rd:48: Lost braces in \itemize; meant \describe ? Flavors: r-devel-linux-x86_64-debian-clang, r-devel-linux-x86_64-debian-gcc, r-devel-linux-x86_64-fedora-clang, r-devel-linux-x86_64-fedora-gcc, r-devel-windows-x86_64, r-patched-linux-x86_64, r-release-linux-x86_64, r-release-macos-arm64, r-release-macos-x86_64, r-release-windows-x86_64

Version: 0.2.1
Check: Rd cross-references
Result: NOTE Found the following Rd file(s) with Rd \link{} targets missing package anchors: demo_app.Rd: code Please provide package anchors for all Rd \link{} targets not in the package itself and the base packages. Flavor: r-devel-windows-x86_64