CRAN Package Check Results for Package shiny.tailwind

Last updated on 2024-06-14 00:53:58 CEST.

Flavor Version Tinstall Tcheck Ttotal Status Flags
r-devel-linux-x86_64-debian-clang 0.2.2 4.45 39.37 43.82 OK
r-devel-linux-x86_64-debian-gcc 0.2.2 2.79 29.36 32.15 NOTE
r-devel-linux-x86_64-fedora-clang 0.2.2 52.94 OK
r-devel-linux-x86_64-fedora-gcc 0.2.2 49.47 OK
r-devel-windows-x86_64 0.2.2 5.00 59.00 64.00 OK
r-patched-linux-x86_64 0.2.2 4.47 36.68 41.15 OK
r-release-linux-x86_64 0.2.2 3.97 37.06 41.03 OK
r-release-macos-arm64 0.2.2 20.00 OK
r-release-macos-x86_64 0.2.2 30.00 OK
r-release-windows-x86_64 0.2.2 5.00 61.00 66.00 OK
r-oldrel-macos-arm64 0.2.2 22.00 OK
r-oldrel-macos-x86_64 0.2.2 30.00 OK
r-oldrel-windows-x86_64 0.2.2 6.00 66.00 72.00 OK

Check Details

Version: 0.2.2
Check: package dependencies
Result: NOTE Package suggested but not available for checking: ‘ggplot2’ Flavor: r-devel-linux-x86_64-debian-gcc