CRAN Package Check Results for Package shiny.reglog

Last updated on 2021-10-18 23:49:46 CEST.

Flavor Version Tinstall Tcheck Ttotal Status Flags
r-devel-linux-x86_64-debian-clang 0.2.0.2 8.45 58.21 66.66 OK
r-devel-linux-x86_64-debian-gcc 0.2.0.2 6.59 44.15 50.74 OK
r-devel-linux-x86_64-fedora-clang 0.2.0.2 87.18 NOTE
r-devel-linux-x86_64-fedora-gcc 0.2.0.2 74.56 NOTE
r-devel-windows-x86_64 0.2.0.2 13.00 67.00 80.00 OK
r-devel-windows-x86_64-gcc10-UCRT 0.2.0.2 NOTE
r-patched-linux-x86_64 0.2.0.2 7.72 54.70 62.42 OK
r-patched-solaris-x86 0.2.0.2 114.80 NOTE
r-release-linux-x86_64 0.2.0.2 7.20 55.36 62.56 OK
r-release-macos-arm64 0.2.0.2 NOTE
r-release-macos-x86_64 0.2.0.2 NOTE
r-release-windows-ix86+x86_64 0.2.0.2 21.00 76.00 97.00 OK
r-oldrel-macos-x86_64 0.2.0.2 NOTE
r-oldrel-windows-ix86+x86_64 0.2.0.2 19.00 83.00 102.00 OK

Check Details

Version: 0.2.0.2
Check: dependencies in R code
Result: NOTE
    Namespace in Imports field not imported from: ‘dbplyr’
     All declared Imports should be used.
Flavors: r-devel-linux-x86_64-fedora-clang, r-devel-linux-x86_64-fedora-gcc, r-devel-windows-x86_64-gcc10-UCRT, r-patched-solaris-x86, r-release-macos-arm64, r-release-macos-x86_64, r-oldrel-macos-x86_64