CRAN Package Check Results for Package shiny

Last updated on 2022-09-26 23:58:26 CEST.

Flavor Version Tinstall Tcheck Ttotal Status Flags
r-devel-linux-x86_64-debian-clang 1.7.2 42.16 168.39 210.55 OK
r-devel-linux-x86_64-debian-gcc 1.7.2 30.25 122.55 152.80 OK
r-devel-linux-x86_64-fedora-clang 1.7.2 273.01 NOTE
r-devel-linux-x86_64-fedora-gcc 1.7.2 186.95 OK
r-devel-windows-x86_64 1.7.2 187.00 244.00 431.00 NOTE
r-patched-linux-x86_64 1.7.2 43.77 149.67 193.44 OK
r-release-linux-x86_64 1.7.2 34.30 148.29 182.59 OK
r-release-macos-arm64 1.7.2 77.00 NOTE
r-release-macos-x86_64 1.7.2 93.00 NOTE
r-release-windows-x86_64 1.7.2 354.00 206.00 560.00 NOTE
r-oldrel-macos-arm64 1.7.2 66.00 NOTE
r-oldrel-macos-x86_64 1.7.2 92.00 NOTE
r-oldrel-windows-ix86+x86_64 1.7.2 65.00 199.00 264.00 NOTE

Check Details

Version: 1.7.2
Check: installed package size
Result: NOTE
     installed size is 10.2Mb
     sub-directories of 1Mb or more:
     R 1.6Mb
     www 7.2Mb
Flavors: r-devel-linux-x86_64-fedora-clang, r-devel-windows-x86_64, r-release-macos-arm64, r-release-macos-x86_64, r-release-windows-x86_64, r-oldrel-macos-arm64, r-oldrel-macos-x86_64, r-oldrel-windows-ix86+x86_64