CRAN Package Check Results for Package sfo

Last updated on 2024-06-15 00:54:17 CEST.

Flavor Version Tinstall Tcheck Ttotal Status Flags
r-devel-linux-x86_64-debian-clang 0.1.2 6.32 40.93 47.25 OK
r-devel-linux-x86_64-debian-gcc 0.1.2 4.48 31.96 36.44 OK
r-devel-linux-x86_64-fedora-clang 0.1.2 57.69 NOTE
r-devel-linux-x86_64-fedora-gcc 0.1.2 68.51 OK
r-devel-windows-x86_64 0.1.2 6.00 54.00 60.00 NOTE
r-patched-linux-x86_64 0.1.2 6.08 38.92 45.00 OK
r-release-linux-x86_64 0.1.2 4.84 39.63 44.47 OK
r-release-macos-arm64 0.1.2 31.00 NOTE
r-release-macos-x86_64 0.1.2 64.00 NOTE
r-release-windows-x86_64 0.1.2 6.00 55.00 61.00 NOTE
r-oldrel-macos-arm64 0.1.2 31.00 NOTE
r-oldrel-macos-x86_64 0.1.2 47.00 NOTE
r-oldrel-windows-x86_64 0.1.2 6.00 60.00 66.00 NOTE

Check Details

Version: 0.1.2
Check: installed package size
Result: NOTE installed size is 5.9Mb sub-directories of 1Mb or more: doc 5.1Mb Flavors: r-devel-linux-x86_64-fedora-clang, r-devel-windows-x86_64, r-release-macos-arm64, r-release-macos-x86_64, r-release-windows-x86_64, r-oldrel-macos-arm64, r-oldrel-macos-x86_64, r-oldrel-windows-x86_64